Καταγραφές τύπου NOAA


2019Ιανουάριος|Φεβρουάριος|Μάρτιος|Απρίλιος|Μάϊος|Ιούνιος|Ιούλιος|Αύγουστος|Σεπτέμβριος|Οκτώβριος|Νοέμβριος|Δεκέμβριος
2018Ιανουάριος|Φεβρουάριος|Μάρτιος|Απρίλιος|Μάϊος|Ιούνιος|Ιούλιος|Αύγουστος|Σεπτέμβριος|Οκτώβριος|Νοέμβριος|Δεκέμβριος
2017Ιανουάριος|Φεβρουάριος|Μάρτιος|Απρίλιος|Μάϊος|Ιούνιος|Ιούλιος|Αύγουστος|Σεπτέμβριος|Οκτώβριος|Νοέμβριος|Δεκέμβριος


Καταγραφές τύπου NOAA για Νοέμβριος 2019

MONTHLY CLIMATOLOGICAL SUMMARY for NOV. 2019 NAME: pcomp-di CITY: STATE: ELEV: 177 m LAT: 37° 58' 09" N LONG: 23° 46' 03" E TEMPERATURE (°C), RAIN (mm), WIND SPEED (km/hr) HEAT COOL AVG MEAN DEG DEG WIND DOM DAY TEMP HIGH TIME LOW TIME DAYS DAYS RAIN SPEED HIGH TIME DIR ------------------------------------------------------------------------------------ 1 16.5 19.3 14:30 14.9 0:20 1.9 0.1 1.2 0.3 27.4 11:40 NE 2 15.7 20.9 13:20 11.6 23:30 3.0 0.4 0.8 0.2 20.9 14:30 E 3 16.5 20.9 14:10 10.9 6:40 2.5 0.7 0.8 0.5 33.8 23:50 SSE 4 19.1 22.2 13:20 15.3 19:40 0.4 1.1 1.0 3.1 46.7 13:40 SSE 5 18.8 23.3 14:10 13.7 7:40 1.2 1.7 0.6 0.0 14.5 20:00 SSW 6 19.3 22.9 15:20 14.8 6:30 0.7 1.6 0.6 0.3 25.7 15:30 SSE 7 21.3 25.1 14:40 16.3 7:00 0.2 3.2 0.6 1.0 29.0 23:00 SSE 8 19.6 23.0 14:10 14.7 22:30 0.8 2.1 0.8 1.4 37.0 2:50 SSE 9 17.9 22.2 15:20 12.5 4:40 1.7 1.2 0.6 0.2 22.5 23:50 S 10 19.3 22.6 12:10 14.5 23:50 0.3 1.2 0.6 1.4 59.5 12:00 SSE 11 17.0 21.8 14:00 12.3 4:40 2.2 0.8 0.4 0.0 11.3 1:30 ESE 12 20.0 25.2 14:20 15.9 5:50 0.5 2.2 0.6 0.0 27.4 16:30 SE 13 15.2 18.6 0:10 12.5 19:30 3.2 0.0 0.8 0.5 33.8 2:30 SE 14 15.6 21.4 15:10 11.7 6:50 3.1 0.4 0.8 0.0 9.7 13:50 ESE 15 12.8 13.6 0:10 12.3 1:50 0.7 0.0 0.2 0.0 0.0 --- --- 16 17 18 19 20 21 22 23 24 25 26 27 28 29 30 ------------------------------------------------------------------------------------- 17.6 25.2 12 10.9 3 22.3 16.7 10.4 0.6 59.5 10 SSE Max >= 32.0: 0 Max <= 0.0: 0 Min <= 0.0: 0 Min <= -18.0: 0 Max Rain: 1.19 ON 01/11/19 Days of Rain: 15 (> .2 mm) 0 (> 2 mm) 0 (> 20 mm) Heat Base: 18.3 Cool Base: 18.3 Method: Integration