Καταγραφές τύπου NOAA
2024: Ιανουάριος|Φεβρουάριος|Μάρτιος|Απρίλιος|Μάϊος|Ιούνιος|Ιούλιος|Αύγουστος|Σεπτέμβριος|Οκτώβριος|Νοέμβριος|Δεκέμβριος
2023: Ιανουάριος|Φεβρουάριος|Μάρτιος|Απρίλιος|Μάϊος|Ιούνιος|Ιούλιος|Αύγουστος|Σεπτέμβριος|Οκτώβριος|Νοέμβριος|Δεκέμβριος
2022: Ιανουάριος|Φεβρουάριος|Μάρτιος|Απρίλιος|Μάϊος|Ιούνιος|Ιούλιος|Αύγουστος|Σεπτέμβριος|Οκτώβριος|Νοέμβριος|Δεκέμβριος
2021: Ιανουάριος|Φεβρουάριος|Μάρτιος|Απρίλιος|Μάϊος|Ιούνιος|Ιούλιος|Αύγουστος|Σεπτέμβριος|Οκτώβριος|Νοέμβριος|Δεκέμβριος
2020: Ιανουάριος|Φεβρουάριος|Μάρτιος|Απρίλιος|Μάϊος|Ιούνιος|Ιούλιος|Αύγουστος|Σεπτέμβριος|Οκτώβριος|Νοέμβριος|Δεκέμβριος
2019: Ιανουάριος|Φεβρουάριος|Μάρτιος|Απρίλιος|Μάϊος|Ιούνιος|Ιούλιος|Αύγουστος|Σεπτέμβριος|Οκτώβριος|Νοέμβριος|Δεκέμβριος
2018: Ιανουάριος|Φεβρουάριος|Μάρτιος|Απρίλιος|Μάϊος|Ιούνιος|Ιούλιος|Αύγουστος|Σεπτέμβριος|Οκτώβριος|Νοέμβριος|Δεκέμβριος
2017: Ιανουάριος|Φεβρουάριος|Μάρτιος|Απρίλιος|Μάϊος|Ιούνιος|Ιούλιος|Αύγουστος|Σεπτέμβριος|Οκτώβριος|Νοέμβριος|Δεκέμβριος
Καταγραφές τύπου NOAA για Απρίλιος 2024
MONTHLY CLIMATOLOGICAL SUMMARY for APR. 2024
NAME: pcomp-di CITY: STATE:
ELEV: 177 m LAT: 37° 58' 09" N LONG: 23° 46' 03" E
TEMPERATURE (°C), RAIN (mm), WIND SPEED (km/hr)
HEAT COOL AVG
MEAN DEG DEG WIND DOM
DAY TEMP HIGH TIME LOW TIME DAYS DAYS RAIN SPEED HIGH TIME DIR
------------------------------------------------------------------------------------
1 17.8 23.9 12:30 12.1 4:00 2.3 1.7 0.0 0.0 0.0 --- ---
2 21.5 27.5 13:00 13.8 4:00 0.5 3.7 0.0 0.0 0.0 --- ---
3 18.6 24.7 12:10 12.8 22:30 1.7 2.0 0.0 0.0 0.0 --- ---
4 17.3 23.6 14:20 11.2 3:30 2.5 1.4 0.0 0.0 0.0 --- ---
5 18.2 25.4 12:30 11.1 4:10 2.4 2.2 0.0 0.0 0.0 --- ---
6 18.8 25.6 13:20 12.5 3:40 1.8 2.3 0.0 0.0 0.0 --- ---
7 18.4 24.9 9:00 13.2 3:40 1.2 1.3 0.0 0.0 0.0 --- ---
8 17.5 21.3 11:10 14.3 4:00 1.4 0.6 0.0 0.0 0.0 --- ---
9 18.6 24.4 12:20 12.4 4:10 1.6 1.8 0.0 0.0 0.0 --- ---
10 19.3 25.6 13:30 11.9 0:50 1.6 2.6 0.0 0.0 0.0 --- ---
11 20.0 24.4 11:40 14.7 1:10 0.4 2.1 0.0 0.0 0.0 --- ---
12 21.2 24.6 13:50 17.9 2:50 0.0 2.9 0.0 0.0 0.0 --- ---
13 21.7 26.4 12:10 17.1 23:10 0.1 3.4 0.0 0.0 0.0 --- ---
14 21.7 27.6 14:10 15.6 23:10 0.5 3.8 0.0 0.0 0.0 --- ---
15 21.7 28.7 12:30 15.3 3:10 0.5 3.8 0.0 0.0 0.0 --- ---
16 21.1 26.5 11:50 16.5 0:20 0.2 3.0 0.0 0.0 0.0 --- ---
17 20.2 25.5 13:40 15.8 3:20 0.3 2.1 0.0 0.0 0.0 --- ---
18 18.6 22.4 12:50 12.6 23:40 0.8 1.1 0.0 0.0 0.0 --- ---
19 15.6 20.7 11:40 11.4 3:50 2.9 0.2 1.2 0.0 0.0 --- ---
20 15.0 20.4 13:30 9.8 3:20 3.6 0.2 0.6 0.0 0.0 --- ---
21 15.8 20.4 13:00 9.6 3:20 2.8 0.3 0.2 0.0 0.0 --- ---
22 18.0 22.1 13:20 13.3 4:10 1.1 0.8 0.0 0.0 0.0 --- ---
23 20.1 23.3 12:30 17.6 4:20 0.1 1.8 0.0 0.0 0.0 --- ---
24 20.4 24.7 13:20 16.4 1:50 0.2 2.3 0.0 0.0 0.0 --- ---
25 17.1 19.6 6:50 14.3 4:10 0.4 0.1 0.0 0.0 0.0 --- ---
26
27
28
29
30
-------------------------------------------------------------------------------------
19.0 28.7 15 9.6 21 30.9 47.5 2.0 0.0 0.0 --- ---
Max >= 32.0: 0
Max <= 0.0: 0
Min <= 0.0: 0
Min <= -18.0: 0
Max Rain: 1.19 ON 19/04/24
Days of Rain: 3 (> .2 mm) 0 (> 2 mm) 0 (> 20 mm)
Heat Base: 18.3 Cool Base: 18.3 Method: Integration