Καταγραφές τύπου NOAA


2019Ιανουάριος|Φεβρουάριος|Μάρτιος|Απρίλιος|Μάϊος|Ιούνιος|Ιούλιος|Αύγουστος|Σεπτέμβριος|Οκτώβριος|Νοέμβριος|Δεκέμβριος
2018Ιανουάριος|Φεβρουάριος|Μάρτιος|Απρίλιος|Μάϊος|Ιούνιος|Ιούλιος|Αύγουστος|Σεπτέμβριος|Οκτώβριος|Νοέμβριος|Δεκέμβριος
2017Ιανουάριος|Φεβρουάριος|Μάρτιος|Απρίλιος|Μάϊος|Ιούνιος|Ιούλιος|Αύγουστος|Σεπτέμβριος|Οκτώβριος|Νοέμβριος|Δεκέμβριος


Καταγραφές τύπου NOAA για  2018

ANNUAL CLIMATOLOGICAL SUMMARY NAME: pcomp-di CITY: STATE: ELEV: 177 m LAT: 37° 58' 09" N LONG: 23° 46' 03" E TEMPERATURE (°C), HEAT BASE 18.3, COOL BASE 18.3 DEP. HEAT COOL MEAN MEAN FROM DEG DEG MAX MAX MIN MIN YR MO MAX MIN MEAN NORM DAYS DAYS HI DATE LOW DATE >=32 <=0 <=0 <=-18 ------------------------------------------------------------------------------------ 18 1 14.0 6.3 10.0 0.0 258 0 17.1 31 1.6 26 0 0 0 0 18 2 14.7 7.3 11.2 0.0 199 0 17.9 4 3.8 18 0 0 0 0 18 3 18.6 10.1 14.3 0.0 127 3 22.6 17 3.9 1 0 0 0 0 18 4 23.9 12.9 18.3 0.0 56 55 29.9 28 8.6 2 0 0 0 0 18 5 27.1 16.9 21.8 0.0 12 121 31.1 19 13.7 7 0 0 0 0 18 6 29.8 19.7 24.8 0.0 0 194 33.3 13 16.9 18 6 0 0 0 18 7 33.0 21.9 27.4 0.0 0 282 35.6 4 17.9 9 21 0 0 0 18 8 32.1 22.1 27.1 0.0 0 271 33.8 15 19.5 28 17 0 0 0 18 9 28.4 19.0 23.4 0.0 8 159 35.4 3 15.1 27 5 0 0 0 18 10 22.5 14.5 18.1 0.0 41 33 26.3 31 7.7 26 0 0 0 0 18 11 18.4 11.4 14.6 0.0 121 8 27.2 2 5.9 30 0 0 0 0 18 12 13.4 6.2 9.6 0.0 271 0 18.8 23 1.0 27 0 0 0 0 ------------------------------------------------------------------------------------ 23.0 14.1 18.4 0.0 1094 1127 35.6 JUL 1.0 DEC 49 0 0 0 PRECIPITATION (mm) DEP. MAX DAYS OF RAIN FROM OBS. OVER YR MO TOTAL NORM DAY DATE .2 2 20 --------------------------------------------- 18 1 64.1 0.0 29.2 13 12 5 1 18 2 14.7 0.0 3.6 3 20 2 0 18 3 1.8 0.0 0.4 6 8 0 0 18 4 2.4 0.0 2.4 7 1 1 0 18 5 67.0 0.0 52.4 6 7 2 1 18 6 63.6 0.0 19.4 17 8 5 0 18 7 57.8 0.0 34.0 29 4 3 1 18 8 8.0 0.0 7.8 28 2 1 0 18 9 112.8 0.0 70.2 29 6 4 2 18 10 3.4 0.0 2.4 1 3 1 0 18 11 53.2 0.0 15.0 18 11 5 0 18 12 63.0 0.0 14.6 31 13 7 0 --------------------------------------------- 511.8 0.0 70.2 SEP 95 36 5 WIND SPEED (km/hr) DOM YR MO AVG. HI DATE DIR --------------------------------- 18 1 5.1 72.4 18 ESE 18 2 6.0 62.8 10 ESE 18 3 6.6 74.0 17 ESE 18 4 5.5 49.9 1 ESE 18 5 5.3 41.8 26 ESE 18 6 5.8 51.5 29 ESE 18 7 4.8 57.9 23 ESE 18 8 4.4 46.7 10 NE 18 9 5.3 61.2 26 ESE 18 10 2.1 46.7 13 ENE 18 11 2.7 59.5 29 ENE 18 12 1.1 43.5 16 ENE --------------------------------- 4.5 74.0 MAR ESE