Καταγραφές τύπου NOAA


2019Ιανουάριος|Φεβρουάριος|Μάρτιος|Απρίλιος|Μάϊος|Ιούνιος|Ιούλιος|Αύγουστος|Σεπτέμβριος|Οκτώβριος|Νοέμβριος|Δεκέμβριος
2018Ιανουάριος|Φεβρουάριος|Μάρτιος|Απρίλιος|Μάϊος|Ιούνιος|Ιούλιος|Αύγουστος|Σεπτέμβριος|Οκτώβριος|Νοέμβριος|Δεκέμβριος
2017Ιανουάριος|Φεβρουάριος|Μάρτιος|Απρίλιος|Μάϊος|Ιούνιος|Ιούλιος|Αύγουστος|Σεπτέμβριος|Οκτώβριος|Νοέμβριος|Δεκέμβριος


Καταγραφές τύπου NOAA για Μάϊος 2018

MONTHLY CLIMATOLOGICAL SUMMARY for MAY. 2018 NAME: pcomp-di CITY: STATE: ELEV: 177 m LAT: 37° 58' 09" N LONG: 23° 46' 03" E TEMPERATURE (°C), RAIN (mm), WIND SPEED (km/hr) HEAT COOL AVG MEAN DEG DEG WIND DOM DAY TEMP HIGH TIME LOW TIME DAYS DAYS RAIN SPEED HIGH TIME DIR ------------------------------------------------------------------------------------ 1 23.4 30.3 16:30 17.5 5:50 0.1 5.2 0.0 4.5 32.2 14:20 ESE 2 21.2 28.2 13:40 15.7 5:50 0.5 3.4 0.0 4.8 24.1 13:40 ESE 3 23.1 28.1 15:30 17.3 1:20 0.0 4.8 0.0 4.7 33.8 11:40 E 4 22.6 28.1 15:10 17.2 6:40 0.1 4.3 0.8 4.3 25.7 11:10 ESE 5 20.6 27.1 12:40 16.8 6:50 0.1 2.4 10.8 4.2 22.5 12:50 ESE 6 17.6 22.8 14:50 14.2 7:00 1.8 1.0 52.4 4.7 25.7 19:20 ESE 7 17.1 21.1 11:20 13.7 6:40 1.8 0.5 1.2 3.7 25.7 12:50 ESE 8 18.6 24.7 14:00 14.2 4:10 1.3 1.6 1.2 3.2 27.4 14:10 E 9 20.1 25.3 16:50 14.4 5:10 0.8 2.6 0.0 5.5 24.1 12:00 SW 10 19.3 24.5 15:50 14.5 6:10 1.0 1.9 0.0 5.1 35.4 16:40 ESE 11 19.2 24.3 15:10 13.9 3:30 1.1 1.9 0.0 4.5 25.7 11:30 ESE 12 19.8 24.9 16:10 15.1 3:00 0.8 2.3 0.0 5.6 35.4 14:10 NE 13 18.9 24.1 15:20 13.9 6:20 1.2 1.8 0.0 5.5 25.7 15:50 ESE 14 21.2 26.2 16:20 15.4 6:50 0.4 3.2 0.0 6.0 27.4 12:40 SW 15 22.4 28.4 15:20 16.3 6:20 0.3 4.4 0.0 4.8 27.4 17:10 ESE 16 22.0 26.7 13:20 16.8 6:20 0.2 3.8 0.0 3.4 14.5 15:40 ESE 17 22.4 27.9 12:50 16.7 4:00 0.2 4.3 0.0 4.5 19.3 13:00 ESE 18 23.2 28.7 12:00 18.6 5:00 0.0 4.8 0.0 4.7 29.0 12:50 ESE 19 25.3 31.1 16:40 19.5 7:10 0.0 6.9 0.0 5.0 38.6 12:50 ESE 20 22.5 27.8 13:00 17.7 6:20 0.0 4.2 0.2 5.3 29.0 15:00 ESE 21 23.6 29.3 15:40 17.9 1:30 0.0 5.2 0.0 6.4 30.6 17:00 NE 22 23.4 28.9 15:30 17.3 6:50 0.1 5.1 0.0 4.7 30.6 10:40 E 23 22.7 27.8 17:20 16.9 4:00 0.1 4.4 0.0 4.7 25.7 8:30 ESE 24 20.6 25.9 16:50 16.1 5:40 0.4 2.6 0.4 4.3 17.7 15:40 ESE 25 22.8 28.6 15:00 17.1 5:50 0.2 4.7 0.0 6.0 32.2 10:00 ESE 26 23.8 27.7 17:50 20.1 1:10 0.0 5.4 0.0 7.1 41.8 14:30 N 27 23.6 27.6 16:20 20.7 4:10 0.0 5.3 0.0 8.0 41.8 11:20 NE 28 23.7 28.2 15:40 20.4 6:40 0.0 5.3 0.0 8.4 41.8 13:50 NE 29 23.8 28.2 17:10 20.0 6:40 0.0 5.5 0.0 7.7 41.8 16:20 NE 30 24.2 28.7 14:50 19.6 5:30 0.0 5.9 0.0 6.8 37.0 15:40 NE 31 23.9 28.5 16:30 19.3 6:50 0.0 5.6 0.0 6.3 33.8 8:50 ENE ------------------------------------------------------------------------------------- 21.8 31.1 19 13.7 7 12.4 120.5 67.0 5.3 41.8 26 ESE Max >= 32.0: 0 Max <= 0.0: 0 Min <= 0.0: 0 Min <= -18.0: 0 Max Rain: 52.40 ON 06/05/18 Days of Rain: 7 (> .2 mm) 2 (> 2 mm) 1 (> 20 mm) Heat Base: 18.3 Cool Base: 18.3 Method: Integration