Καταγραφές τύπου NOAA


2019Ιανουάριος|Φεβρουάριος|Μάρτιος|Απρίλιος|Μάϊος|Ιούνιος|Ιούλιος|Αύγουστος|Σεπτέμβριος|Οκτώβριος|Νοέμβριος|Δεκέμβριος
2018Ιανουάριος|Φεβρουάριος|Μάρτιος|Απρίλιος|Μάϊος|Ιούνιος|Ιούλιος|Αύγουστος|Σεπτέμβριος|Οκτώβριος|Νοέμβριος|Δεκέμβριος
2017Ιανουάριος|Φεβρουάριος|Μάρτιος|Απρίλιος|Μάϊος|Ιούνιος|Ιούλιος|Αύγουστος|Σεπτέμβριος|Οκτώβριος|Νοέμβριος|Δεκέμβριος


Καταγραφές τύπου NOAA για Ιούλιος 2018

MONTHLY CLIMATOLOGICAL SUMMARY for JUL. 2018 NAME: pcomp-di CITY: STATE: ELEV: 177 m LAT: 37° 58' 09" N LONG: 23° 46' 03" E TEMPERATURE (°C), RAIN (mm), WIND SPEED (km/hr) HEAT COOL AVG MEAN DEG DEG WIND DOM DAY TEMP HIGH TIME LOW TIME DAYS DAYS RAIN SPEED HIGH TIME DIR ------------------------------------------------------------------------------------ 1 26.1 31.8 16:20 19.6 6:20 0.0 7.7 0.0 3.9 25.7 11:10 ESE 2 26.6 32.8 16:50 20.1 6:20 0.0 8.3 0.0 4.7 25.7 15:10 ESE 3 28.1 35.1 17:10 21.8 6:00 0.0 9.8 0.0 5.0 20.9 12:00 ESE 4 29.4 35.6 19:10 22.3 6:50 0.0 11.1 0.0 4.7 25.7 14:30 ESE 5 29.3 35.2 15:00 23.1 6:20 0.0 11.0 0.0 4.5 25.7 16:20 ESE 6 28.6 33.7 17:30 22.9 5:00 0.0 10.2 0.0 5.6 29.0 14:30 SW 7 28.5 34.2 17:00 22.8 6:20 0.0 10.2 0.0 4.7 27.4 14:50 ESE 8 25.6 31.4 14:30 19.7 00:00 0.0 7.2 15.0 4.8 30.6 15:00 ESE 9 24.4 30.7 17:00 17.9 5:10 0.1 6.1 0.0 4.5 30.6 18:10 ESE 10 25.4 30.3 15:50 21.3 6:40 0.0 7.1 0.0 4.2 32.2 16:00 ESE 11 26.2 32.1 16:20 20.2 6:50 0.0 7.8 0.0 4.3 24.1 18:30 ESE 12 27.7 33.6 17:20 20.2 6:40 0.0 9.4 0.0 4.3 25.7 12:20 ESE 13 28.7 34.7 17:00 22.0 4:20 0.0 10.3 0.0 5.0 25.7 18:00 ESE 14 28.7 33.8 16:50 23.2 5:10 0.0 10.3 0.0 6.1 29.0 16:00 ESE 15 28.9 33.9 18:20 24.6 00:00 0.0 10.6 0.0 5.0 24.1 15:10 E 16 28.1 33.8 16:40 21.8 5:30 0.0 9.8 0.0 5.3 24.1 15:50 ESE 17 28.9 34.6 13:20 22.5 5:20 0.0 10.6 0.0 6.0 32.2 17:00 SW 18 28.9 33.5 16:20 24.2 7:10 0.0 10.6 0.0 5.3 29.0 18:30 W 19 28.3 33.2 15:20 23.6 2:10 0.0 9.9 0.0 5.8 30.6 17:00 ESE 20 27.7 32.5 14:20 22.8 6:00 0.0 9.4 0.0 5.0 25.7 10:30 E 21 28.6 35.0 17:10 22.5 4:20 0.0 10.3 0.0 4.3 22.5 14:40 ESE 22 29.3 35.2 16:30 22.8 7:00 0.0 10.9 0.0 5.5 30.6 17:00 ESE 23 30.3 35.5 15:20 25.2 7:00 0.0 12.0 0.0 9.7 57.9 17:10 W 24 26.8 30.0 14:00 23.0 00:00 0.0 8.4 0.0 2.7 22.5 0:10 W 25 26.5 30.8 14:50 21.4 6:20 0.0 8.2 0.0 4.5 29.0 17:00 ESE 26 25.7 30.6 12:20 22.1 00:00 0.0 7.3 0.0 4.2 51.5 13:40 E 27 25.2 30.3 14:40 19.9 6:40 0.0 6.9 0.0 3.7 29.0 17:10 ESE 28 26.0 31.1 14:00 22.0 4:40 0.0 7.7 8.4 3.9 35.4 15:10 ESE 29 24.8 31.7 12:30 19.6 14:40 0.0 6.5 34.0 2.9 37.0 14:10 ESE 30 26.8 33.9 17:00 20.8 6:50 0.0 8.5 0.0 3.2 25.7 11:30 ESE 31 26.6 32.8 14:20 22.4 4:30 0.0 8.2 0.4 4.3 30.6 16:10 ESE ------------------------------------------------------------------------------------- 27.4 35.6 4 17.9 9 0.1 282.3 57.8 4.8 57.9 23 ESE Max >= 32.0: 21 Max <= 0.0: 0 Min <= 0.0: 0 Min <= -18.0: 0 Max Rain: 34.01 ON 29/07/18 Days of Rain: 4 (> .2 mm) 3 (> 2 mm) 1 (> 20 mm) Heat Base: 18.3 Cool Base: 18.3 Method: Integration