Καταγραφές τύπου NOAA
2024: Ιανουάριος|Φεβρουάριος|Μάρτιος|Απρίλιος|Μάϊος|Ιούνιος|Ιούλιος|Αύγουστος|Σεπτέμβριος|Οκτώβριος|Νοέμβριος|Δεκέμβριος
2023: Ιανουάριος|Φεβρουάριος|Μάρτιος|Απρίλιος|Μάϊος|Ιούνιος|Ιούλιος|Αύγουστος|Σεπτέμβριος|Οκτώβριος|Νοέμβριος|Δεκέμβριος
2022: Ιανουάριος|Φεβρουάριος|Μάρτιος|Απρίλιος|Μάϊος|Ιούνιος|Ιούλιος|Αύγουστος|Σεπτέμβριος|Οκτώβριος|Νοέμβριος|Δεκέμβριος
2021: Ιανουάριος|Φεβρουάριος|Μάρτιος|Απρίλιος|Μάϊος|Ιούνιος|Ιούλιος|Αύγουστος|Σεπτέμβριος|Οκτώβριος|Νοέμβριος|Δεκέμβριος
2020: Ιανουάριος|Φεβρουάριος|Μάρτιος|Απρίλιος|Μάϊος|Ιούνιος|Ιούλιος|Αύγουστος|Σεπτέμβριος|Οκτώβριος|Νοέμβριος|Δεκέμβριος
2019: Ιανουάριος|Φεβρουάριος|Μάρτιος|Απρίλιος|Μάϊος|Ιούνιος|Ιούλιος|Αύγουστος|Σεπτέμβριος|Οκτώβριος|Νοέμβριος|Δεκέμβριος
2018: Ιανουάριος|Φεβρουάριος|Μάρτιος|Απρίλιος|Μάϊος|Ιούνιος|Ιούλιος|Αύγουστος|Σεπτέμβριος|Οκτώβριος|Νοέμβριος|Δεκέμβριος
2017: Ιανουάριος|Φεβρουάριος|Μάρτιος|Απρίλιος|Μάϊος|Ιούνιος|Ιούλιος|Αύγουστος|Σεπτέμβριος|Οκτώβριος|Νοέμβριος|Δεκέμβριος
Καταγραφές τύπου NOAA για 2019
ANNUAL CLIMATOLOGICAL SUMMARY
NAME: pcomp-di CITY: STATE:
ELEV: 177 m LAT: 37° 58' 09" N LONG: 23° 46' 03" E
TEMPERATURE (°C), HEAT BASE 18.3, COOL BASE 18.3
DEP. HEAT COOL
MEAN MEAN FROM DEG DEG MAX MAX MIN MIN
YR MO MAX MIN MEAN NORM DAYS DAYS HI DATE LOW DATE >=32 <=0 <=0 <=-18
------------------------------------------------------------------------------------
19 1 11.9 4.9 8.5 0.0 306 0 16.4 29 -2.2 6 0 0 5 0
19 2 12.9 5.7 9.1 0.0 259 0 19.1 3 2.8 18 0 0 0 0
19 3 17.2 8.8 12.9 0.0 169 3 23.2 10 3.7 14 0 0 0 0
19 4 18.9 10.3 14.6 0.0 90 10 26.0 27 6.6 22 0 0 0 0
19 5 24.2 14.4 19.3 0.0 18 35 30.1 30 10.6 1 0 0 0 0
19 6 30.8 20.3 25.7 0.0 2 222 35.3 23 14.6 3 13 0 0 0
19 7 32.5 21.9 27.3 0.0 0 279 36.3 8 18.2 12 18 0 0 0
19 8 33.3 24.3 28.6 0.0 0 324 36.7 9 21.3 18 22 0 0 0
19 9 28.8 19.3 23.8 0.0 2 166 32.5 3 15.1 23 2 0 0 0
19 10 25.6 16.1 20.3 0.0 19 81 29.2 1 12.3 29 0 0 0 0
19 11 21.0 13.0 16.9 0.0 56 20 25.2 12 9.5 27 0 0 0 0
19 12 15.2 8.3 11.5 0.0 158 0 18.9 16 1.9 24 0 0 0 0
------------------------------------------------------------------------------------
22.8 14.1 18.4 0.0 1080 1139 36.7 AUG -2.2 JAN 55 0 5 0
PRECIPITATION (mm)
DEP. MAX DAYS OF RAIN
FROM OBS. OVER
YR MO TOTAL NORM DAY DATE .2 2 20
---------------------------------------------
19 1 96.2 0.0 14.0 1 26 15 0
19 2 19.4 0.0 1.4 6 28 0 0
19 3 4.4 0.0 1.4 13 13 0 0
19 4 16.0 0.0 12.2 6 13 1 0
19 5 1.4 0.0 1.2 4 2 0 0
19 6 11.6 0.0 4.4 18 5 3 0
19 7 0.6 0.0 0.6 17 1 0 0
19 8 0.0 0.0 0.0 1 0 0 0
19 9 7.0 0.0 3.2 20 4 1 0
19 10 6.0 0.0 1.6 3 7 0 0
19 11 18.6 0.0 1.2 1 28 0 0
19 12 6.5 0.0 0.4 1 24 0 0
---------------------------------------------
187.8 0.0 14.0 JAN 151 20 0
WIND SPEED (km/hr)
DOM
YR MO AVG. HI DATE DIR
---------------------------------
19 1 2.5 69.2 25 SSE
19 2 3.8 61.2 24 NE
19 3 1.3 61.2 29 NE
19 4 0.7 53.1 9 W
19 5 0.9 53.1 5 W
19 6 0.3 53.1 11 NE
19 7 0.3 45.1 1 ENE
19 8 0.5 45.1 11 NE
19 9 0.4 46.7 14 NE
19 10 0.3 45.1 4 ENE
19 11 0.6 59.5 10 SSE
19 12 0.9 54.7 10 ESE
---------------------------------
1.0 69.2 JAN NE