Καταγραφές τύπου NOAA
2024: Ιανουάριος|Φεβρουάριος|Μάρτιος|Απρίλιος|Μάϊος|Ιούνιος|Ιούλιος|Αύγουστος|Σεπτέμβριος|Οκτώβριος|Νοέμβριος|Δεκέμβριος
2023: Ιανουάριος|Φεβρουάριος|Μάρτιος|Απρίλιος|Μάϊος|Ιούνιος|Ιούλιος|Αύγουστος|Σεπτέμβριος|Οκτώβριος|Νοέμβριος|Δεκέμβριος
2022: Ιανουάριος|Φεβρουάριος|Μάρτιος|Απρίλιος|Μάϊος|Ιούνιος|Ιούλιος|Αύγουστος|Σεπτέμβριος|Οκτώβριος|Νοέμβριος|Δεκέμβριος
2021: Ιανουάριος|Φεβρουάριος|Μάρτιος|Απρίλιος|Μάϊος|Ιούνιος|Ιούλιος|Αύγουστος|Σεπτέμβριος|Οκτώβριος|Νοέμβριος|Δεκέμβριος
2020: Ιανουάριος|Φεβρουάριος|Μάρτιος|Απρίλιος|Μάϊος|Ιούνιος|Ιούλιος|Αύγουστος|Σεπτέμβριος|Οκτώβριος|Νοέμβριος|Δεκέμβριος
2019: Ιανουάριος|Φεβρουάριος|Μάρτιος|Απρίλιος|Μάϊος|Ιούνιος|Ιούλιος|Αύγουστος|Σεπτέμβριος|Οκτώβριος|Νοέμβριος|Δεκέμβριος
2018: Ιανουάριος|Φεβρουάριος|Μάρτιος|Απρίλιος|Μάϊος|Ιούνιος|Ιούλιος|Αύγουστος|Σεπτέμβριος|Οκτώβριος|Νοέμβριος|Δεκέμβριος
2017: Ιανουάριος|Φεβρουάριος|Μάρτιος|Απρίλιος|Μάϊος|Ιούνιος|Ιούλιος|Αύγουστος|Σεπτέμβριος|Οκτώβριος|Νοέμβριος|Δεκέμβριος
Καταγραφές τύπου NOAA για Οκτώβριος 2019
MONTHLY CLIMATOLOGICAL SUMMARY for OCT. 2019
NAME: pcomp-di CITY: STATE:
ELEV: 177 m LAT: 37° 58' 09" N LONG: 23° 46' 03" E
TEMPERATURE (°C), RAIN (mm), WIND SPEED (km/hr)
HEAT COOL AVG
MEAN DEG DEG WIND DOM
DAY TEMP HIGH TIME LOW TIME DAYS DAYS RAIN SPEED HIGH TIME DIR
------------------------------------------------------------------------------------
1 23.2 29.2 15:30 18.3 7:50 0.0 4.9 0.0 0.2 16.1 15:40 SW
2 22.3 28.3 15:40 18.2 6:40 0.0 4.0 0.0 0.3 27.4 13:10 SW
3 21.8 27.3 15:50 18.6 3:40 0.0 3.4 1.6 0.6 29.0 13:50 S
4 22.9 27.1 11:50 18.6 6:50 0.0 4.6 1.6 2.1 45.1 13:00 SSE
5 20.9 25.1 16:30 16.6 5:50 0.2 2.8 1.0 1.3 37.0 12:20 W
6 21.0 26.3 15:50 16.1 3:20 0.3 3.0 0.2 0.0 24.1 18:40 ESE
7 19.7 22.3 14:10 18.0 22:30 0.0 1.3 0.4 0.3 33.8 13:00 ENE
8 18.4 22.2 12:20 16.8 8:00 0.5 0.6 0.4 0.5 30.6 13:00 NE
9 19.1 24.2 15:50 14.7 8:10 0.9 1.7 0.0 0.2 22.5 16:20 NE
10 19.4 24.7 14:40 15.0 7:20 0.9 2.0 0.0 0.0 17.7 15:00 SW
11 21.4 25.7 16:10 18.2 4:10 0.0 3.1 0.0 0.0 3.2 22:00 NE
12 22.6 27.4 15:30 19.3 5:40 0.0 4.2 0.0 0.6 29.0 13:40 ENE
13 21.6 27.9 16:20 16.3 00:00 0.1 3.4 0.0 0.2 22.5 12:40 NE
14 20.1 27.8 14:30 13.4 7:10 1.3 3.0 0.0 0.2 19.3 11:40 SW
15 20.2 26.6 16:10 14.2 7:20 1.0 2.9 0.0 0.0 16.1 13:20 SW
16 20.3 24.9 15:30 15.7 8:20 0.7 2.6 0.0 0.0 16.1 12:20 SW
17 20.4 24.9 15:40 17.3 4:00 0.2 2.3 0.0 0.0 17.7 13:30 SW
18 19.8 24.4 14:30 16.1 6:00 0.6 2.0 0.0 0.0 19.3 16:00 WSW
19 19.9 25.2 15:50 16.2 3:20 0.6 2.2 0.0 0.0 14.5 13:30 SW
20 20.2 25.4 15:50 16.4 6:10 0.4 2.3 0.0 0.0 11.3 13:50 SW
21 21.1 27.1 14:30 15.4 5:10 0.7 3.4 0.0 0.3 24.1 12:10 NE
22 21.9 26.1 15:00 19.2 00:00 0.0 3.6 0.0 0.5 37.0 16:20 NE
23 20.9 26.2 16:40 18.1 20:00 0.0 2.6 0.0 0.6 33.8 21:40 ENE
24 21.5 26.4 14:50 15.5 23:50 0.1 3.3 0.0 0.5 32.2 13:00 NE
25 19.9 27.6 15:50 13.4 8:00 1.3 2.9 0.0 0.0 9.7 18:00 NE
26 20.2 25.6 15:30 16.1 22:20 0.4 2.2 0.0 0.2 22.5 13:40 ENE
27 20.1 26.2 15:00 14.3 23:50 0.7 2.4 0.0 0.2 25.7 15:00 ENE
28 17.6 23.8 15:10 12.8 6:30 2.2 1.4 0.0 0.0 11.3 13:20 S
29 16.9 23.1 15:40 12.3 4:50 2.5 1.1 0.0 0.0 3.2 14:20 SSW
30 18.2 23.7 13:20 13.2 7:30 1.6 1.4 0.0 0.0 14.5 14:10 SSW
31 17.3 21.6 13:10 15.0 00:00 1.6 0.5 0.8 0.0 19.3 14:30 S
-------------------------------------------------------------------------------------
20.3 29.2 1 12.3 29 18.8 81.2 6.0 0.3 45.1 4 ENE
Max >= 32.0: 0
Max <= 0.0: 0
Min <= 0.0: 0
Min <= -18.0: 0
Max Rain: 1.60 ON 03/10/19
Days of Rain: 7 (> .2 mm) 0 (> 2 mm) 0 (> 20 mm)
Heat Base: 18.3 Cool Base: 18.3 Method: Integration