Καταγραφές τύπου NOAA
2024: Ιανουάριος|Φεβρουάριος|Μάρτιος|Απρίλιος|Μάϊος|Ιούνιος|Ιούλιος|Αύγουστος|Σεπτέμβριος|Οκτώβριος|Νοέμβριος|Δεκέμβριος
2023: Ιανουάριος|Φεβρουάριος|Μάρτιος|Απρίλιος|Μάϊος|Ιούνιος|Ιούλιος|Αύγουστος|Σεπτέμβριος|Οκτώβριος|Νοέμβριος|Δεκέμβριος
2022: Ιανουάριος|Φεβρουάριος|Μάρτιος|Απρίλιος|Μάϊος|Ιούνιος|Ιούλιος|Αύγουστος|Σεπτέμβριος|Οκτώβριος|Νοέμβριος|Δεκέμβριος
2021: Ιανουάριος|Φεβρουάριος|Μάρτιος|Απρίλιος|Μάϊος|Ιούνιος|Ιούλιος|Αύγουστος|Σεπτέμβριος|Οκτώβριος|Νοέμβριος|Δεκέμβριος
2020: Ιανουάριος|Φεβρουάριος|Μάρτιος|Απρίλιος|Μάϊος|Ιούνιος|Ιούλιος|Αύγουστος|Σεπτέμβριος|Οκτώβριος|Νοέμβριος|Δεκέμβριος
2019: Ιανουάριος|Φεβρουάριος|Μάρτιος|Απρίλιος|Μάϊος|Ιούνιος|Ιούλιος|Αύγουστος|Σεπτέμβριος|Οκτώβριος|Νοέμβριος|Δεκέμβριος
2018: Ιανουάριος|Φεβρουάριος|Μάρτιος|Απρίλιος|Μάϊος|Ιούνιος|Ιούλιος|Αύγουστος|Σεπτέμβριος|Οκτώβριος|Νοέμβριος|Δεκέμβριος
2017: Ιανουάριος|Φεβρουάριος|Μάρτιος|Απρίλιος|Μάϊος|Ιούνιος|Ιούλιος|Αύγουστος|Σεπτέμβριος|Οκτώβριος|Νοέμβριος|Δεκέμβριος
Καταγραφές τύπου NOAA για Δεκέμβριος 2019
MONTHLY CLIMATOLOGICAL SUMMARY for DEC. 2019
NAME: pcomp-di CITY: STATE:
ELEV: 177 m LAT: 37° 58' 09" N LONG: 23° 46' 03" E
TEMPERATURE (°C), RAIN (mm), WIND SPEED (km/hr)
HEAT COOL AVG
MEAN DEG DEG WIND DOM
DAY TEMP HIGH TIME LOW TIME DAYS DAYS RAIN SPEED HIGH TIME DIR
------------------------------------------------------------------------------------
1 12.3 15.6 13:20 7.6 00:00 6.1 0.0 0.4 1.0 27.4 12:40 E
2 10.3 14.7 14:00 5.6 7:30 8.1 0.0 0.2 0.0 11.3 3:40 NE
3 12.8 18.4 13:50 8.1 2:10 5.6 0.0 0.4 0.0 16.1 14:40 SW
4 11.0 13.2 8:00 9.9 12:00 7.3 0.0 0.4 4.8 41.8 9:20 NE
5 10.2 12.2 11:20 8.2 8:10 8.1 0.0 0.2 2.4 29.0 13:40 NE
6 9.8 14.3 13:20 5.8 4:50 8.5 0.0 0.2 0.5 20.9 12:30 ESE
7 13.2 17.8 14:10 10.4 7:40 5.2 0.0 0.4 0.2 11.3 14:50 ESE
8 12.9 18.2 13:40 8.7 23:00 5.4 0.0 0.0 0.3 14.5 13:50 ESE
9 11.6 17.3 14:20 7.5 4:30 6.7 0.0 0.4 1.0 12.9 16:40 ESE
10 12.8 16.2 11:30 11.2 6:20 5.5 0.0 0.2 2.1 54.7 21:20 E
11 12.6 15.9 15:50 9.9 7:50 5.8 0.0 0.2 0.6 38.6 19:20 ENE
12 10.7 14.1 14:10 8.1 23:20 7.7 0.0 0.4 0.0 9.7 0:50 ENE
13 11.1 15.4 14:50 8.0 1:10 7.2 0.0 0.2 0.0 14.5 12:20 SW
14 12.6 15.2 6:20 9.3 23:40 5.8 0.0 0.2 4.0 51.5 8:40 SSE
15 13.4 18.1 14:00 9.2 0:20 4.9 0.0 0.4 0.0 16.1 13:00 ENE
16 13.6 18.9 15:20 10.5 4:20 4.8 0.0 0.2 0.0 0.0 --- ---
17 13.6 18.8 13:40 10.8 4:10 4.8 0.0 0.2 0.0 0.0 --- ---
18 12.9 17.9 16:20 9.7 7:20 5.4 0.0 0.2 0.0 1.6 1:20 E
19 14.1 17.2 14:30 10.2 7:40 4.2 0.0 0.2 0.0 1.6 13:40 SE
20 16.3 18.7 14:30 14.1 0:30 2.0 0.0 0.4 0.5 27.4 12:50 SSE
21 15.1 18.4 15:10 10.8 7:50 3.3 0.0 0.2 0.0 3.2 23:50 SSW
22 16.5 18.2 12:40 11.7 23:00 1.8 0.0 0.2 4.0 54.7 19:20 SSE
23 13.2 15.3 9:30 9.6 23:50 5.1 0.0 0.2 1.0 30.6 4:20 SW
24 8.4 14.2 12:10 1.9 21:20 9.7 0.0 0.2 1.8 32.2 13:40 WNW
25 2.3 2.3 0:10 2.2 0:10 0.1 0.0 0.0 0.0 1.6 0:10 WSW
26
27
28
29
30 2.7 4.6 23:50 1.9 19:10 5.6 0.0 0.0 1.1 22.5 17:20 WNW
31 5.0 8.8 16:00 2.5 23:10 13.3 0.0 0.2 0.0 17.7 3:20 NW
-------------------------------------------------------------------------------------
11.5 18.9 16 1.9 24 158.0 0.0 6.5 0.9 54.7 10 ESE
Max >= 32.0: 0
Max <= 0.0: 0
Min <= 0.0: 0
Min <= -18.0: 0
Max Rain: 0.41 ON 01/12/19
Days of Rain: 24 (> .2 mm) 0 (> 2 mm) 0 (> 20 mm)
Heat Base: 18.3 Cool Base: 18.3 Method: Integration