Καταγραφές τύπου NOAA
2024: Ιανουάριος|Φεβρουάριος|Μάρτιος|Απρίλιος|Μάϊος|Ιούνιος|Ιούλιος|Αύγουστος|Σεπτέμβριος|Οκτώβριος|Νοέμβριος|Δεκέμβριος
2023: Ιανουάριος|Φεβρουάριος|Μάρτιος|Απρίλιος|Μάϊος|Ιούνιος|Ιούλιος|Αύγουστος|Σεπτέμβριος|Οκτώβριος|Νοέμβριος|Δεκέμβριος
2022: Ιανουάριος|Φεβρουάριος|Μάρτιος|Απρίλιος|Μάϊος|Ιούνιος|Ιούλιος|Αύγουστος|Σεπτέμβριος|Οκτώβριος|Νοέμβριος|Δεκέμβριος
2021: Ιανουάριος|Φεβρουάριος|Μάρτιος|Απρίλιος|Μάϊος|Ιούνιος|Ιούλιος|Αύγουστος|Σεπτέμβριος|Οκτώβριος|Νοέμβριος|Δεκέμβριος
2020: Ιανουάριος|Φεβρουάριος|Μάρτιος|Απρίλιος|Μάϊος|Ιούνιος|Ιούλιος|Αύγουστος|Σεπτέμβριος|Οκτώβριος|Νοέμβριος|Δεκέμβριος
2019: Ιανουάριος|Φεβρουάριος|Μάρτιος|Απρίλιος|Μάϊος|Ιούνιος|Ιούλιος|Αύγουστος|Σεπτέμβριος|Οκτώβριος|Νοέμβριος|Δεκέμβριος
2018: Ιανουάριος|Φεβρουάριος|Μάρτιος|Απρίλιος|Μάϊος|Ιούνιος|Ιούλιος|Αύγουστος|Σεπτέμβριος|Οκτώβριος|Νοέμβριος|Δεκέμβριος
2017: Ιανουάριος|Φεβρουάριος|Μάρτιος|Απρίλιος|Μάϊος|Ιούνιος|Ιούλιος|Αύγουστος|Σεπτέμβριος|Οκτώβριος|Νοέμβριος|Δεκέμβριος
Καταγραφές τύπου NOAA για Ιούνιος 2020
MONTHLY CLIMATOLOGICAL SUMMARY for MAY. 2020
NAME: pcomp-di CITY: STATE:
ELEV: 177 m LAT: 37° 58' 09" N LONG: 23° 46' 03" E
TEMPERATURE (°C), RAIN (mm), WIND SPEED (km/hr)
HEAT COOL AVG
MEAN DEG DEG WIND DOM
DAY TEMP HIGH TIME LOW TIME DAYS DAYS RAIN SPEED HIGH TIME DIR
------------------------------------------------------------------------------------
1 18.9 23.9 14:50 13.2 5:30 1.3 1.8 0.0 0.0 20.9 16:40 SSW
2 19.2 24.4 13:20 13.3 3:00 0.9 1.7 0.0 0.3 25.7 13:20 S
3 19.4 24.1 15:30 14.7 5:50 0.5 1.6 0.0 0.2 19.3 15:40 W
4 16.9 21.8 14:40 12.1 23:10 1.9 0.4 0.6 0.2 22.5 14:10 E
5 17.8 23.2 16:00 11.1 3:30 1.8 1.3 0.0 0.2 20.9 20:00 S
6 20.3 25.0 14:10 13.2 5:50 0.7 2.6 0.0 0.5 24.1 12:30 SSW
7 16.6 20.2 0:10 13.0 23:20 1.8 0.1 0.0 1.1 35.4 18:30 ENE
8 17.9 24.1 16:20 12.9 00:00 2.0 1.6 0.0 0.2 24.1 12:10 ENE
9 17.7 24.5 14:40 10.7 5:30 2.4 1.8 0.0 0.3 16.1 15:10 SW
10 19.4 24.8 14:40 12.9 5:40 1.2 2.3 0.0 0.0 17.7 13:50 SW
11 20.3 26.8 16:00 14.2 3:30 0.8 2.8 0.0 0.2 27.4 14:30 SW
12 22.6 28.7 14:30 15.4 4:40 0.6 4.8 0.0 0.0 17.7 10:50 SSE
13 22.9 29.6 14:30 15.9 5:20 0.3 4.8 0.0 0.0 17.7 12:40 W
14 23.2 29.8 13:10 16.3 5:10 0.3 5.1 0.0 0.0 16.1 14:00 SW
15 26.7 35.2 13:20 19.2 4:20 0.0 8.3 0.0 0.0 16.1 15:30 W
16 28.3 36.6 14:30 21.2 3:30 0.0 9.9 0.0 0.0 11.3 10:50 W
17 28.4 36.4 13:20 21.9 3:50 0.0 10.1 0.0 0.0 12.9 12:40 W
18 27.3 34.5 14:10 20.3 5:10 0.0 9.0 0.0 0.0 14.5 10:40 W
19 26.2 33.1 17:00 20.1 5:30 0.0 7.9 0.0 0.0 12.9 10:20 SW
20 25.0 31.9 16:00 18.6 4:30 0.0 6.7 0.0 0.2 30.6 17:10 SW
21 22.4 26.1 13:50 18.3 23:10 0.0 4.1 0.0 0.2 25.7 11:00 W
22 18.2 22.2 15:20 13.9 00:00 0.9 0.8 0.0 1.6 40.2 4:50 NE
23 19.1 26.3 14:50 12.3 4:50 1.5 2.3 0.0 0.2 24.1 14:30 NE
24 18.7 23.3 15:30 13.2 4:40 1.3 1.7 0.0 0.2 22.5 13:10 SW
25 20.7 24.9 13:20 15.7 23:10 0.3 2.7 0.2 0.2 25.7 21:50 NE
26 15.7 21.8 12:00 10.1 00:00 2.9 0.3 1.4 0.6 32.2 18:30 ENE
27 14.2 18.3 13:50 9.8 1:50 4.2 0.0 0.4 0.2 29.0 12:40 N
28 15.2 20.4 13:00 11.3 5:20 3.4 0.2 0.4 0.3 20.9 17:00 ESE
29 16.7 22.0 12:40 10.9 4:10 2.4 0.7 0.4 0.0 19.3 13:10 SW
30 18.1 22.3 13:40 12.4 5:20 1.5 1.2 0.2 0.2 25.7 17:40 S
31 18.2 22.3 12:10 13.8 5:20 1.4 1.2 0.4 0.0 20.9 13:30 SSW
-------------------------------------------------------------------------------------
20.4 36.6 16 9.8 27 36.3 99.9 4.0 0.2 40.2 22 SW
Max >= 32.0: 5
Max <= 0.0: 0
Min <= 0.0: 0
Min <= -18.0: 0
Max Rain: 1.40 ON 26/05/20
Days of Rain: 8 (> .2 mm) 0 (> 2 mm) 0 (> 20 mm)
Heat Base: 18.3 Cool Base: 18.3 Method: Integration