Καταγραφές τύπου NOAA
2024: Ιανουάριος|Φεβρουάριος|Μάρτιος|Απρίλιος|Μάϊος|Ιούνιος|Ιούλιος|Αύγουστος|Σεπτέμβριος|Οκτώβριος|Νοέμβριος|Δεκέμβριος
2023: Ιανουάριος|Φεβρουάριος|Μάρτιος|Απρίλιος|Μάϊος|Ιούνιος|Ιούλιος|Αύγουστος|Σεπτέμβριος|Οκτώβριος|Νοέμβριος|Δεκέμβριος
2022: Ιανουάριος|Φεβρουάριος|Μάρτιος|Απρίλιος|Μάϊος|Ιούνιος|Ιούλιος|Αύγουστος|Σεπτέμβριος|Οκτώβριος|Νοέμβριος|Δεκέμβριος
2021: Ιανουάριος|Φεβρουάριος|Μάρτιος|Απρίλιος|Μάϊος|Ιούνιος|Ιούλιος|Αύγουστος|Σεπτέμβριος|Οκτώβριος|Νοέμβριος|Δεκέμβριος
2020: Ιανουάριος|Φεβρουάριος|Μάρτιος|Απρίλιος|Μάϊος|Ιούνιος|Ιούλιος|Αύγουστος|Σεπτέμβριος|Οκτώβριος|Νοέμβριος|Δεκέμβριος
2019: Ιανουάριος|Φεβρουάριος|Μάρτιος|Απρίλιος|Μάϊος|Ιούνιος|Ιούλιος|Αύγουστος|Σεπτέμβριος|Οκτώβριος|Νοέμβριος|Δεκέμβριος
2018: Ιανουάριος|Φεβρουάριος|Μάρτιος|Απρίλιος|Μάϊος|Ιούνιος|Ιούλιος|Αύγουστος|Σεπτέμβριος|Οκτώβριος|Νοέμβριος|Δεκέμβριος
2017: Ιανουάριος|Φεβρουάριος|Μάρτιος|Απρίλιος|Μάϊος|Ιούνιος|Ιούλιος|Αύγουστος|Σεπτέμβριος|Οκτώβριος|Νοέμβριος|Δεκέμβριος
Καταγραφές τύπου NOAA για Ιούλιος 2020
MONTHLY CLIMATOLOGICAL SUMMARY for JUL. 2020
NAME: pcomp-di CITY: STATE:
ELEV: 177 m LAT: 37° 58' 09" N LONG: 23° 46' 03" E
TEMPERATURE (°C), RAIN (mm), WIND SPEED (km/hr)
HEAT COOL AVG
MEAN DEG DEG WIND DOM
DAY TEMP HIGH TIME LOW TIME DAYS DAYS RAIN SPEED HIGH TIME DIR
------------------------------------------------------------------------------------
1 30.3 36.3 12:40 22.6 4:30 0.0 12.0 0.0 0.2 25.7 11:20 NE
2 30.4 35.6 13:40 26.0 23:30 0.0 12.1 0.0 0.2 22.5 10:20 ENE
3 27.3 31.2 8:10 25.6 1:20 0.0 3.1 0.0 0.0 17.7 8:10 E
4
5
6
7
8
9
10
11
12
13 25.4 28.9 16:50 23.4 00:00 0.0 2.2 0.0 0.8 30.6 23:40 NE
14 24.7 28.4 12:00 21.6 4:10 0.0 6.4 0.0 1.1 32.2 7:10 NE
15 25.2 30.3 13:50 20.1 23:30 0.0 6.8 0.0 0.0 24.1 15:10 ENE
16 24.6 29.3 9:20 19.7 3:00 0.0 6.3 0.0 0.0 22.5 17:20 W
17 26.1 31.7 14:10 20.2 2:30 0.0 7.8 0.0 0.0 25.7 14:50 ESE
18 26.6 31.8 13:40 20.6 4:10 0.0 8.3 0.0 0.0 19.3 15:30 ESE
19 26.0 31.9 14:00 20.3 4:10 0.0 7.7 0.0 0.0 17.7 15:30 W
20 26.7 32.8 13:00 21.1 2:30 0.0 8.3 0.0 0.0 24.1 14:30 SW
21 27.4 32.6 13:30 21.1 3:30 0.0 9.1 0.0 0.2 27.4 13:30 NE
22 28.2 31.6 13:10 22.6 0:10 0.0 9.8 0.0 0.5 43.5 16:50 NE
23 28.7 32.3 12:40 25.2 3:50 0.0 10.4 0.0 0.3 37.0 8:30 NE
24 29.1 34.3 13:50 23.1 4:40 0.0 10.7 0.0 0.3 30.6 11:00 ENE
25 29.4 35.4 13:20 24.0 5:00 0.0 11.1 0.0 0.0 24.1 11:50 NE
26 27.3 32.9 13:40 22.4 4:30 0.0 9.0 0.0 0.0 20.9 12:50 SW
27 28.7 34.0 12:10 22.5 4:50 0.0 10.3 0.0 0.0 22.5 15:50 ENE
28 29.5 34.2 13:50 25.9 0:10 0.0 11.2 0.0 0.2 24.1 11:30 NE
29 30.7 35.1 14:50 26.7 0:20 0.0 12.4 0.0 0.5 35.4 12:40 NNE
30 31.6 35.8 14:00 26.6 5:00 0.0 13.3 0.0 0.6 43.5 11:30 NNE
31 32.7 37.6 15:50 25.9 2:00 0.0 13.1 0.0 0.2 32.2 10:10 NNE
-------------------------------------------------------------------------------------
28.0 37.6 31 19.7 16 0.0 201.2 0.0 0.2 43.5 22 NE
Max >= 32.0: 13
Max <= 0.0: 0
Min <= 0.0: 0
Min <= -18.0: 0
Max Rain: 0.00 ON 01/07/20
Days of Rain: 0 (> .2 mm) 0 (> 2 mm) 0 (> 20 mm)
Heat Base: 18.3 Cool Base: 18.3 Method: Integration