Καταγραφές τύπου NOAA
2024: Ιανουάριος|Φεβρουάριος|Μάρτιος|Απρίλιος|Μάϊος|Ιούνιος|Ιούλιος|Αύγουστος|Σεπτέμβριος|Οκτώβριος|Νοέμβριος|Δεκέμβριος
2023: Ιανουάριος|Φεβρουάριος|Μάρτιος|Απρίλιος|Μάϊος|Ιούνιος|Ιούλιος|Αύγουστος|Σεπτέμβριος|Οκτώβριος|Νοέμβριος|Δεκέμβριος
2022: Ιανουάριος|Φεβρουάριος|Μάρτιος|Απρίλιος|Μάϊος|Ιούνιος|Ιούλιος|Αύγουστος|Σεπτέμβριος|Οκτώβριος|Νοέμβριος|Δεκέμβριος
2021: Ιανουάριος|Φεβρουάριος|Μάρτιος|Απρίλιος|Μάϊος|Ιούνιος|Ιούλιος|Αύγουστος|Σεπτέμβριος|Οκτώβριος|Νοέμβριος|Δεκέμβριος
2020: Ιανουάριος|Φεβρουάριος|Μάρτιος|Απρίλιος|Μάϊος|Ιούνιος|Ιούλιος|Αύγουστος|Σεπτέμβριος|Οκτώβριος|Νοέμβριος|Δεκέμβριος
2019: Ιανουάριος|Φεβρουάριος|Μάρτιος|Απρίλιος|Μάϊος|Ιούνιος|Ιούλιος|Αύγουστος|Σεπτέμβριος|Οκτώβριος|Νοέμβριος|Δεκέμβριος
2018: Ιανουάριος|Φεβρουάριος|Μάρτιος|Απρίλιος|Μάϊος|Ιούνιος|Ιούλιος|Αύγουστος|Σεπτέμβριος|Οκτώβριος|Νοέμβριος|Δεκέμβριος
2017: Ιανουάριος|Φεβρουάριος|Μάρτιος|Απρίλιος|Μάϊος|Ιούνιος|Ιούλιος|Αύγουστος|Σεπτέμβριος|Οκτώβριος|Νοέμβριος|Δεκέμβριος
Καταγραφές τύπου NOAA για 2021
ANNUAL CLIMATOLOGICAL SUMMARY
NAME: pcomp-di CITY: STATE:
ELEV: 177 m LAT: 37° 58' 09" N LONG: 23° 46' 03" E
TEMPERATURE (°C), HEAT BASE 18.3, COOL BASE 18.3
DEP. HEAT COOL
MEAN MEAN FROM DEG DEG MAX MAX MIN MIN
YR MO MAX MIN MEAN NORM DAYS DAYS HI DATE LOW DATE >=32 <=0 <=0 <=-18
------------------------------------------------------------------------------------
20 1 12.5 4.7 8.5 0.0 299 0 17.6 29 0.9 22 0 0 0 0
20 2 14.7 6.0 10.6 0.0 214 0 20.4 12 0.3 8 0 0 0 0
20 3 16.8 7.7 12.4 0.0 171 3 23.9 14 3.4 18 0 0 0 0
20 4 19.4 9.4 14.4 0.0 134 17 24.3 27 5.8 3 0 0 0 0
20 5 26.1 14.6 20.4 0.0 36 100 36.6 16 9.8 27 5 0 0 0
20 6 29.0 18.1 23.8 0.0 7 171 35.3 30 12.1 2 4 0 0 0
20 7 32.9 23.1 28.0 0.0 0 201 37.6 31 19.7 16 13 0 0 0
20 8 33.2 22.5 27.7 0.0 0 289 38.3 1 19.2 9 23 0 0 0
20 9 29.8 20.8 25.2 0.0 1 207 35.6 1 16.1 21 6 0 0 0
20 10 25.0 15.5 20.0 0.0 27 77 31.6 7 12.9 23 0 0 0 0
20 11 18.0 11.2 14.4 0.0 111 3 21.5 4 6.2 24 0 0 0 0
20 12 16.0 10.1 13.3 0.0 138 0 19.2 5 7.0 17 0 0 0 0
------------------------------------------------------------------------------------
22.5 13.4 18.0 0.0 1138 1068 38.3 AUG 0.3 FEB 51 0 0 0
PRECIPITATION (mm)
DEP. MAX DAYS OF RAIN
FROM OBS. OVER
YR MO TOTAL NORM DAY DATE .2 2 20
---------------------------------------------
20 1 4.1 0.0 0.4 1 19 0 0
20 2 2.6 0.0 1.2 28 3 0 0
20 3 39.4 0.0 13.4 27 11 6 0
20 4 5.6 0.0 2.6 4 9 1 0
20 5 4.0 0.0 1.4 26 8 0 0
20 6 5.4 0.0 2.6 23 5 1 0
20 7 0.0 0.0 0.0 1 0 0 0
20 8 4.6 0.0 1.2 9 6 0 0
20 9 1.6 0.0 1.2 19 2 0 0
20 10 8.0 0.0 2.4 28 9 2 0
20 11 4.4 0.0 2.2 30 4 1 0
20 12 29.3 0.0 6.6 4 27 3 0
---------------------------------------------
109.1 0.0 13.4 MAR 103 14 0
WIND SPEED (km/hr)
DOM
YR MO AVG. HI DATE DIR
---------------------------------
20 1 1.8 53.1 6 NE
20 2 1.4 51.5 5 ESE
20 3 0.9 49.9 4 NE
20 4 0.9 43.5 8 NE
20 5 0.2 40.2 22 SW
20 6 0.2 38.6 11 SW
20 7 0.2 43.5 22 NE
20 8 0.1 40.2 1 NE
20 9 0.2 46.7 20 NE
20 10 0.3 54.7 13 ESE
20 11 0.9 43.5 6 NE
20 12 2.9 64.4 27 SSE
---------------------------------
0.9 64.4 DEC NE