Καταγραφές τύπου NOAA
2024: Ιανουάριος|Φεβρουάριος|Μάρτιος|Απρίλιος|Μάϊος|Ιούνιος|Ιούλιος|Αύγουστος|Σεπτέμβριος|Οκτώβριος|Νοέμβριος|Δεκέμβριος
2023: Ιανουάριος|Φεβρουάριος|Μάρτιος|Απρίλιος|Μάϊος|Ιούνιος|Ιούλιος|Αύγουστος|Σεπτέμβριος|Οκτώβριος|Νοέμβριος|Δεκέμβριος
2022: Ιανουάριος|Φεβρουάριος|Μάρτιος|Απρίλιος|Μάϊος|Ιούνιος|Ιούλιος|Αύγουστος|Σεπτέμβριος|Οκτώβριος|Νοέμβριος|Δεκέμβριος
2021: Ιανουάριος|Φεβρουάριος|Μάρτιος|Απρίλιος|Μάϊος|Ιούνιος|Ιούλιος|Αύγουστος|Σεπτέμβριος|Οκτώβριος|Νοέμβριος|Δεκέμβριος
2020: Ιανουάριος|Φεβρουάριος|Μάρτιος|Απρίλιος|Μάϊος|Ιούνιος|Ιούλιος|Αύγουστος|Σεπτέμβριος|Οκτώβριος|Νοέμβριος|Δεκέμβριος
2019: Ιανουάριος|Φεβρουάριος|Μάρτιος|Απρίλιος|Μάϊος|Ιούνιος|Ιούλιος|Αύγουστος|Σεπτέμβριος|Οκτώβριος|Νοέμβριος|Δεκέμβριος
2018: Ιανουάριος|Φεβρουάριος|Μάρτιος|Απρίλιος|Μάϊος|Ιούνιος|Ιούλιος|Αύγουστος|Σεπτέμβριος|Οκτώβριος|Νοέμβριος|Δεκέμβριος
2017: Ιανουάριος|Φεβρουάριος|Μάρτιος|Απρίλιος|Μάϊος|Ιούνιος|Ιούλιος|Αύγουστος|Σεπτέμβριος|Οκτώβριος|Νοέμβριος|Δεκέμβριος
Καταγραφές τύπου NOAA για Φεβρουάριος 2021
MONTHLY CLIMATOLOGICAL SUMMARY for FEB. 2021
NAME: pcomp-di CITY: STATE:
ELEV: 177 m LAT: 37° 58' 09" N LONG: 23° 46' 03" E
TEMPERATURE (°C), RAIN (mm), WIND SPEED (km/hr)
HEAT COOL AVG
MEAN DEG DEG WIND DOM
DAY TEMP HIGH TIME LOW TIME DAYS DAYS RAIN SPEED HIGH TIME DIR
------------------------------------------------------------------------------------
1 15.0 16.6 1:00 13.7 00:00 2.6 0.0 2.2 5.8 56.3 0:30 SSE
2 13.4 18.1 15:40 9.2 5:00 4.5 0.0 0.0 2.4 16.1 14:00 ESE
3 12.6 17.8 15:30 8.8 00:00 5.4 0.0 0.0 2.3 16.1 14:30 ESE
4 14.5 19.2 16:40 8.8 0:10 3.7 0.0 0.0 2.7 22.5 13:50 SSE
5 13.7 19.5 16:20 8.6 8:10 4.4 0.1 0.0 2.1 12.9 21:20 ESE
6 15.4 21.3 15:00 9.9 0:50 3.1 0.4 0.0 1.9 17.7 1:20 ESE
7 16.2 19.3 13:20 12.2 2:00 2.1 0.1 0.0 2.6 37.0 23:00 ESE
8 17.1 19.1 11:30 14.8 00:00 1.2 0.1 0.0 4.0 53.1 14:00 SSE
9 15.1 18.8 15:10 10.0 7:50 3.1 0.0 0.6 1.9 41.8 20:00 S
10 14.1 18.3 15:40 9.3 3:00 3.9 0.0 0.0 0.5 22.5 13:40 SW
11 13.4 17.6 12:50 9.1 4:50 4.7 0.0 1.4 1.8 53.1 13:50 W
12 12.9 17.4 15:20 8.0 7:50 5.2 0.0 0.2 0.6 40.2 0:10 W
13 10.6 11.3 0:10 9.8 6:40 2.2 0.0 0.0 0.2 17.7 5:30 E
14 4.4 5.7 13:00 2.7 00:00 9.1 0.0 0.6 5.5 37.0 10:00 ENE
15 1.7 3.9 15:20 0.2 21:00 15.5 0.0 0.8 7.6 38.6 9:20 NE
16 -0.2 0.5 13:10 -1.2 9:20 16.6 0.0 0.8 0.2 20.9 13:40 NNE
17 2.7 7.5 17:50 -0.2 0:10 14.8 0.0 2.8 1.3 14.5 15:40 E
18 7.0 13.3 15:10 1.2 1:20 10.0 0.0 1.6 1.0 17.7 15:10 E
19 8.6 15.3 15:30 2.9 5:10 9.4 0.0 0.8 2.4 16.1 13:30 ESE
20 9.4 15.1 17:10 4.5 5:50 8.7 0.0 0.6 2.1 16.1 11:50 ESE
21 9.2 11.8 14:30 6.6 23:10 8.7 0.0 0.6 6.0 35.4 13:10 ENE
22 9.1 16.8 16:40 2.8 6:00 8.9 0.0 0.4 2.4 12.9 11:30 ESE
23 11.2 20.3 16:40 4.2 6:10 7.0 0.1 0.0 2.6 14.5 12:40 ESE
24 13.7 20.1 13:30 7.4 1:20 4.7 0.2 0.0 4.7 35.4 17:20 NE
25 13.1 17.1 16:00 10.2 4:00 4.8 0.0 0.2 7.2 41.8 11:30 NE
26 13.5 18.3 16:00 7.4 23:50 4.5 0.0 0.0 3.9 32.2 1:10 ENE
27 12.1 19.1 13:00 5.8 5:50 5.8 0.0 0.0 2.3 12.9 13:20 ESE
28 11.3 13.9 10:50 7.7 0:30 6.4 0.0 0.0 6.6 40.2 13:20 NE
-------------------------------------------------------------------------------------
11.1 21.3 6 -1.2 16 180.9 0.9 13.6 3.0 56.3 1 ESE
Max >= 32.0: 0
Max <= 0.0: 0
Min <= 0.0: 2
Min <= -18.0: 0
Max Rain: 2.79 ON 17/02/21
Days of Rain: 14 (> .2 mm) 2 (> 2 mm) 0 (> 20 mm)
Heat Base: 18.3 Cool Base: 18.3 Method: Integration