Καταγραφές τύπου NOAA
2024: Ιανουάριος|Φεβρουάριος|Μάρτιος|Απρίλιος|Μάϊος|Ιούνιος|Ιούλιος|Αύγουστος|Σεπτέμβριος|Οκτώβριος|Νοέμβριος|Δεκέμβριος
2023: Ιανουάριος|Φεβρουάριος|Μάρτιος|Απρίλιος|Μάϊος|Ιούνιος|Ιούλιος|Αύγουστος|Σεπτέμβριος|Οκτώβριος|Νοέμβριος|Δεκέμβριος
2022: Ιανουάριος|Φεβρουάριος|Μάρτιος|Απρίλιος|Μάϊος|Ιούνιος|Ιούλιος|Αύγουστος|Σεπτέμβριος|Οκτώβριος|Νοέμβριος|Δεκέμβριος
2021: Ιανουάριος|Φεβρουάριος|Μάρτιος|Απρίλιος|Μάϊος|Ιούνιος|Ιούλιος|Αύγουστος|Σεπτέμβριος|Οκτώβριος|Νοέμβριος|Δεκέμβριος
2020: Ιανουάριος|Φεβρουάριος|Μάρτιος|Απρίλιος|Μάϊος|Ιούνιος|Ιούλιος|Αύγουστος|Σεπτέμβριος|Οκτώβριος|Νοέμβριος|Δεκέμβριος
2019: Ιανουάριος|Φεβρουάριος|Μάρτιος|Απρίλιος|Μάϊος|Ιούνιος|Ιούλιος|Αύγουστος|Σεπτέμβριος|Οκτώβριος|Νοέμβριος|Δεκέμβριος
2018: Ιανουάριος|Φεβρουάριος|Μάρτιος|Απρίλιος|Μάϊος|Ιούνιος|Ιούλιος|Αύγουστος|Σεπτέμβριος|Οκτώβριος|Νοέμβριος|Δεκέμβριος
2017: Ιανουάριος|Φεβρουάριος|Μάρτιος|Απρίλιος|Μάϊος|Ιούνιος|Ιούλιος|Αύγουστος|Σεπτέμβριος|Οκτώβριος|Νοέμβριος|Δεκέμβριος
Καταγραφές τύπου NOAA για Μάϊος 2021
MONTHLY CLIMATOLOGICAL SUMMARY for APR. 2021
NAME: pcomp-di CITY: STATE:
ELEV: 177 m LAT: 37° 58' 09" N LONG: 23° 46' 03" E
TEMPERATURE (°C), RAIN (mm), WIND SPEED (km/hr)
HEAT COOL AVG
MEAN DEG DEG WIND DOM
DAY TEMP HIGH TIME LOW TIME DAYS DAYS RAIN SPEED HIGH TIME DIR
------------------------------------------------------------------------------------
1 16.1 19.3 3:50 13.0 18:00 2.4 0.1 0.2 1.3 22.5 3:30 SW
2 17.0 21.6 23:20 12.9 17:10 1.8 0.4 0.0 1.0 43.5 18:50 SW
3 18.7 22.2 3:40 14.7 16:50 0.8 1.1 0.4 1.0 40.2 1:30 SW
4 14.5 19.3 00:00 11.3 18:50 3.9 0.0 0.0 0.5 22.5 23:00 ENE
5 16.1 20.8 2:50 12.7 15:10 2.6 0.3 0.0 1.4 30.6 5:10 SW
6 16.4 21.2 2:10 12.5 18:30 2.4 0.5 0.0 1.1 30.6 23:00 W
7 8.6 16.8 0:30 3.3 18:30 9.8 0.0 0.0 2.1 35.4 4:00 NNW
8 8.3 14.6 23:40 2.4 16:50 10.1 0.0 0.0 1.6 29.0 6:40 NE
9 10.3 15.8 00:00 4.9 17:30 8.1 0.0 0.0 0.3 29.0 3:20 ENE
10 11.9 17.3 00:00 6.4 17:20 6.4 0.0 0.0 0.3 19.3 4:10 SW
11 13.9 19.1 3:00 9.4 12:00 4.4 0.0 0.0 0.3 19.3 3:10 SW
12 14.9 20.0 2:00 8.3 17:30 3.6 0.2 0.0 0.2 20.9 2:30 SW
13 14.9 19.2 5:40 8.4 18:00 3.4 0.1 0.0 0.2 16.1 1:10 SW
14 15.8 19.6 1:40 12.8 16:10 2.6 0.1 0.0 0.8 22.5 17:50 SW
15 15.1 19.4 00:00 12.8 13:00 3.3 0.1 0.0 1.3 29.0 3:40 ENE
16 15.8 21.6 2:10 12.1 17:50 2.9 0.3 0.0 0.6 22.5 2:30 ESE
17 15.0 18.9 00:00 11.3 17:10 3.3 0.0 0.0 0.5 24.1 23:00 SSW
18 15.5 20.3 2:00 12.3 18:20 3.1 0.2 0.0 1.8 37.0 22:10 W
19 14.2 19.6 2:10 8.8 17:50 4.2 0.1 0.0 1.0 33.8 2:10 W
20 15.3 20.1 00:00 9.2 17:30 3.1 0.1 0.0 1.0 30.6 3:20 SW
21 16.9 21.3 3:10 11.8 14:20 2.2 0.8 0.0 1.0 27.4 5:50 SW
22 17.4 22.4 4:40 13.2 17:20 1.8 0.9 3.6 0.6 20.9 1:40 W
23 13.7 15.1 0:20 12.8 18:20 4.6 0.0 2.0 2.4 33.8 8:10 NE
24 14.1 19.9 23:50 8.8 16:00 4.3 0.1 1.0 1.1 35.4 2:00 ENE
25 16.3 22.2 4:00 11.1 13:40 2.8 0.7 0.4 0.6 20.9 2:20 SW
26 17.1 23.8 00:00 11.8 17:40 2.3 1.0 0.0 1.1 30.6 2:50 SW
27 20.4 26.3 3:20 14.1 16:30 0.9 2.9 0.0 0.8 37.0 6:00 SSE
28 20.1 26.6 23:50 14.9 16:10 0.8 2.5 0.0 0.2 17.7 1:20 SW
29 20.9 27.2 1:30 15.6 17:50 0.6 3.2 0.0 0.2 19.3 1:00 W
30 21.5 28.3 3:00 16.0 14:40 0.6 3.7 0.0 0.2 12.9 3:20 W
-------------------------------------------------------------------------------------
15.5 28.3 30 2.4 8 103.1 19.4 7.6 0.9 43.5 2 SW
Max >= 32.0: 0
Max <= 0.0: 0
Min <= 0.0: 0
Min <= -18.0: 0
Max Rain: 3.61 ON 22/04/21
Days of Rain: 6 (> .2 mm) 2 (> 2 mm) 0 (> 20 mm)
Heat Base: 18.3 Cool Base: 18.3 Method: Integration