Καταγραφές τύπου NOAA
2024: Ιανουάριος|Φεβρουάριος|Μάρτιος|Απρίλιος|Μάϊος|Ιούνιος|Ιούλιος|Αύγουστος|Σεπτέμβριος|Οκτώβριος|Νοέμβριος|Δεκέμβριος
2023: Ιανουάριος|Φεβρουάριος|Μάρτιος|Απρίλιος|Μάϊος|Ιούνιος|Ιούλιος|Αύγουστος|Σεπτέμβριος|Οκτώβριος|Νοέμβριος|Δεκέμβριος
2022: Ιανουάριος|Φεβρουάριος|Μάρτιος|Απρίλιος|Μάϊος|Ιούνιος|Ιούλιος|Αύγουστος|Σεπτέμβριος|Οκτώβριος|Νοέμβριος|Δεκέμβριος
2021: Ιανουάριος|Φεβρουάριος|Μάρτιος|Απρίλιος|Μάϊος|Ιούνιος|Ιούλιος|Αύγουστος|Σεπτέμβριος|Οκτώβριος|Νοέμβριος|Δεκέμβριος
2020: Ιανουάριος|Φεβρουάριος|Μάρτιος|Απρίλιος|Μάϊος|Ιούνιος|Ιούλιος|Αύγουστος|Σεπτέμβριος|Οκτώβριος|Νοέμβριος|Δεκέμβριος
2019: Ιανουάριος|Φεβρουάριος|Μάρτιος|Απρίλιος|Μάϊος|Ιούνιος|Ιούλιος|Αύγουστος|Σεπτέμβριος|Οκτώβριος|Νοέμβριος|Δεκέμβριος
2018: Ιανουάριος|Φεβρουάριος|Μάρτιος|Απρίλιος|Μάϊος|Ιούνιος|Ιούλιος|Αύγουστος|Σεπτέμβριος|Οκτώβριος|Νοέμβριος|Δεκέμβριος
2017: Ιανουάριος|Φεβρουάριος|Μάρτιος|Απρίλιος|Μάϊος|Ιούνιος|Ιούλιος|Αύγουστος|Σεπτέμβριος|Οκτώβριος|Νοέμβριος|Δεκέμβριος
Καταγραφές τύπου NOAA για Ιούλιος 2021
MONTHLY CLIMATOLOGICAL SUMMARY for JUN. 2021
NAME: pcomp-di CITY: STATE:
ELEV: 177 m LAT: 37° 58' 09" N LONG: 23° 46' 03" E
TEMPERATURE (°C), RAIN (mm), WIND SPEED (km/hr)
HEAT COOL AVG
MEAN DEG DEG WIND DOM
DAY TEMP HIGH TIME LOW TIME DAYS DAYS RAIN SPEED HIGH TIME DIR
------------------------------------------------------------------------------------
1 19.4 24.6 1:40 14.3 16:40 1.1 2.1 0.0 3.2 27.4 3:40 ESE
2 21.1 26.3 4:30 14.8 17:40 0.6 3.3 0.0 0.3 25.7 6:10 ESE
3 21.6 26.1 0:10 16.1 13:50 0.2 3.4 0.0 0.3 24.1 3:00 ENE
4 21.0 26.0 00:00 15.4 17:10 0.6 3.3 0.0 0.2 27.4 1:20 SW
5 24.3 28.8 00:00 18.9 16:40 0.0 6.0 0.0 0.3 20.9 3:10 SW
6 24.9 30.0 2:30 19.3 17:40 0.0 6.6 0.0 0.2 22.5 2:40 SW
7 23.9 29.6 2:30 19.6 17:10 0.0 5.6 0.0 0.3 29.0 4:30 E
8 20.9 28.1 0:30 17.1 14:10 0.3 2.8 9.6 0.5 48.3 4:40 ENE
9 22.5 29.0 1:20 16.9 17:30 0.1 4.3 2.8 0.2 19.3 0:20 NE
10 20.1 27.3 0:40 16.7 17:30 0.3 2.1 1.6 2.1 22.5 0:40 E
11 20.8 27.0 1:00 15.9 16:00 0.4 2.9 1.2 0.2 22.5 1:10 E
12 22.1 27.5 3:20 15.8 18:00 0.2 3.9 0.8 0.2 22.5 6:50 SSW
13 18.8 24.1 1:40 13.6 17:50 1.2 1.6 0.6 1.1 30.6 5:00 E
14 19.8 26.7 23:40 15.5 16:30 0.8 2.3 0.6 0.8 27.4 5:20 W
15 22.9 28.2 23:10 17.3 16:40 0.1 4.6 0.4 0.6 27.4 1:10 SW
16 23.7 28.8 3:50 17.7 17:10 0.1 5.4 0.2 0.8 29.0 1:40 SSW
17 24.8 30.7 23:40 19.7 17:30 0.0 6.4 0.2 0.2 20.9 4:40 WSW
18 25.8 31.3 4:20 20.3 16:20 0.0 7.4 0.0 0.0 19.3 3:00 SW
19 25.3 31.3 3:10 18.8 17:20 0.0 7.0 1.2 0.2 27.4 6:10 SW
20 25.3 30.1 23:50 20.5 17:40 0.0 6.9 0.0 0.0 20.9 1:40 SW
21 27.3 33.4 23:20 21.6 17:30 0.0 8.9 0.0 0.0 16.1 5:10 SW
22 28.9 34.8 3:40 23.3 17:00 0.0 10.6 0.0 0.0 17.7 3:50 SW
23 29.4 35.4 2:30 24.0 14:10 0.0 11.1 0.0 0.0 22.5 1:40 SW
24 30.4 36.6 00:00 24.7 17:10 0.0 12.1 0.0 0.0 16.1 2:20 SW
25 31.2 39.0 2:40 24.8 14:30 0.0 12.8 0.0 0.2 25.7 3:40 SW
26 30.0 35.6 1:50 24.2 17:00 0.0 11.7 0.0 0.5 24.1 2:20 NE
27 29.9 35.3 1:40 24.2 15:50 0.0 11.6 0.0 0.2 22.5 0:50 ENE
28 29.6 35.7 4:00 23.5 17:30 0.0 11.2 0.0 0.0 19.3 0:50 W
29 30.0 37.2 23:50 24.2 17:20 0.0 11.7 0.0 0.2 19.3 1:30 SW
30 32.4 37.9 0:40 26.0 17:00 0.0 14.1 0.0 1.3 29.0 21:30 SW
-------------------------------------------------------------------------------------
24.9 39.0 25 13.6 13 5.8 203.8 19.2 0.5 48.3 8 SW
Max >= 32.0: 10
Max <= 0.0: 0
Min <= 0.0: 0
Min <= -18.0: 0
Max Rain: 9.60 ON 08/06/21
Days of Rain: 11 (> .2 mm) 2 (> 2 mm) 0 (> 20 mm)
Heat Base: 18.3 Cool Base: 18.3 Method: Integration