Καταγραφές τύπου NOAA
2024: Ιανουάριος|Φεβρουάριος|Μάρτιος|Απρίλιος|Μάϊος|Ιούνιος|Ιούλιος|Αύγουστος|Σεπτέμβριος|Οκτώβριος|Νοέμβριος|Δεκέμβριος
2023: Ιανουάριος|Φεβρουάριος|Μάρτιος|Απρίλιος|Μάϊος|Ιούνιος|Ιούλιος|Αύγουστος|Σεπτέμβριος|Οκτώβριος|Νοέμβριος|Δεκέμβριος
2022: Ιανουάριος|Φεβρουάριος|Μάρτιος|Απρίλιος|Μάϊος|Ιούνιος|Ιούλιος|Αύγουστος|Σεπτέμβριος|Οκτώβριος|Νοέμβριος|Δεκέμβριος
2021: Ιανουάριος|Φεβρουάριος|Μάρτιος|Απρίλιος|Μάϊος|Ιούνιος|Ιούλιος|Αύγουστος|Σεπτέμβριος|Οκτώβριος|Νοέμβριος|Δεκέμβριος
2020: Ιανουάριος|Φεβρουάριος|Μάρτιος|Απρίλιος|Μάϊος|Ιούνιος|Ιούλιος|Αύγουστος|Σεπτέμβριος|Οκτώβριος|Νοέμβριος|Δεκέμβριος
2019: Ιανουάριος|Φεβρουάριος|Μάρτιος|Απρίλιος|Μάϊος|Ιούνιος|Ιούλιος|Αύγουστος|Σεπτέμβριος|Οκτώβριος|Νοέμβριος|Δεκέμβριος
2018: Ιανουάριος|Φεβρουάριος|Μάρτιος|Απρίλιος|Μάϊος|Ιούνιος|Ιούλιος|Αύγουστος|Σεπτέμβριος|Οκτώβριος|Νοέμβριος|Δεκέμβριος
2017: Ιανουάριος|Φεβρουάριος|Μάρτιος|Απρίλιος|Μάϊος|Ιούνιος|Ιούλιος|Αύγουστος|Σεπτέμβριος|Οκτώβριος|Νοέμβριος|Δεκέμβριος
Καταγραφές τύπου NOAA για Σεπτέμβριος 2019
MONTHLY CLIMATOLOGICAL SUMMARY for SEP. 2019
NAME: pcomp-di CITY: STATE:
ELEV: 177 m LAT: 37° 58' 09" N LONG: 23° 46' 03" E
TEMPERATURE (°C), RAIN (mm), WIND SPEED (km/hr)
HEAT COOL AVG
MEAN DEG DEG WIND DOM
DAY TEMP HIGH TIME LOW TIME DAYS DAYS RAIN SPEED HIGH TIME DIR
------------------------------------------------------------------------------------
1 25.7 30.8 15:50 19.8 5:50 0.0 7.3 0.0 0.3 25.7 11:10 NE
2 26.0 32.4 17:20 19.6 6:30 0.0 7.7 0.0 0.2 29.0 10:20 NE
3 26.3 32.5 15:10 20.0 7:00 0.0 7.9 0.0 0.2 20.9 10:20 ENE
4 26.2 30.8 14:40 20.4 4:40 0.0 7.9 0.0 0.8 37.0 12:40 NE
5 26.2 30.2 15:50 23.0 7:00 0.0 7.8 0.0 0.6 30.6 10:40 ENE
6 26.5 30.6 14:20 23.4 7:10 0.0 8.2 0.0 0.6 33.8 13:30 NE
7 25.7 30.7 15:50 21.9 00:00 0.0 7.3 0.0 0.5 33.8 10:30 NE
8 25.0 31.0 16:50 19.6 5:20 0.0 6.7 0.0 0.2 20.9 11:50 ENE
9 25.5 30.5 16:10 21.7 23:50 0.0 7.2 0.0 0.2 27.4 17:00 NE
10 25.0 30.3 14:50 20.1 4:00 0.0 6.7 0.0 0.3 29.0 14:00 NE
11 24.5 29.7 16:40 19.7 7:40 0.0 6.2 0.0 0.6 29.0 10:00 NE
12 24.8 30.1 16:00 19.7 3:00 0.0 6.5 0.0 0.3 27.4 11:10 NE
13 24.2 27.3 14:50 20.7 1:10 0.0 5.8 0.0 1.1 45.1 14:30 N
14 25.1 28.4 15:20 22.3 7:20 0.0 6.8 0.0 1.3 46.7 11:10 NE
15 24.8 28.3 15:20 22.9 4:50 0.0 6.5 0.0 1.3 45.1 14:00 NE
16 24.3 29.7 17:00 20.2 00:00 0.0 6.0 0.0 0.5 29.0 14:20 NNE
17 23.5 30.7 16:30 17.7 7:00 0.1 5.2 0.0 0.0 17.7 14:50 SW
18 23.7 29.4 14:20 18.2 5:40 0.0 5.3 0.0 0.2 22.5 14:00 SW
19 23.7 28.9 17:10 18.8 7:00 0.0 5.3 0.0 0.2 19.3 14:50 SW
20 21.2 26.7 12:30 18.5 21:50 0.0 2.8 3.2 0.3 32.2 16:40 NE
21 19.7 23.0 15:10 17.3 00:00 0.1 1.5 1.4 1.3 38.6 10:40 NE
22 19.7 25.4 16:30 16.2 23:10 0.7 2.1 0.0 0.3 30.6 11:50 NE
23 20.1 25.5 17:20 15.1 7:30 0.8 2.6 0.0 0.2 22.5 16:10 W
24 21.5 23.8 12:10 19.2 21:00 0.0 3.2 1.2 0.0 11.3 0:10 S
25 21.6 26.7 13:50 17.3 6:50 0.1 3.3 1.2 0.0 19.3 16:50 E
26 21.8 27.3 15:40 16.7 5:50 0.3 3.8 0.0 0.5 27.4 14:10 SW
27 23.3 28.2 16:50 18.1 7:40 0.0 4.9 0.0 0.2 22.5 14:40 E
28 22.6 28.4 16:00 16.7 6:40 0.1 4.3 0.0 0.2 20.9 15:40 ENE
29 22.2 27.9 16:40 16.2 7:40 0.2 4.1 0.0 0.2 17.7 15:20 W
30 23.3 29.1 15:30 18.1 4:10 0.0 5.0 0.0 0.0 19.3 17:10 SSW
-------------------------------------------------------------------------------------
23.8 32.5 3 15.1 23 2.4 165.9 7.0 0.4 46.7 14 NE
Max >= 32.0: 2
Max <= 0.0: 0
Min <= 0.0: 0
Min <= -18.0: 0
Max Rain: 3.20 ON 20/09/19
Days of Rain: 4 (> .2 mm) 1 (> 2 mm) 0 (> 20 mm)
Heat Base: 18.3 Cool Base: 18.3 Method: Integration