Καταγραφές τύπου NOAA
2024: Ιανουάριος|Φεβρουάριος|Μάρτιος|Απρίλιος|Μάϊος|Ιούνιος|Ιούλιος|Αύγουστος|Σεπτέμβριος|Οκτώβριος|Νοέμβριος|Δεκέμβριος
2023: Ιανουάριος|Φεβρουάριος|Μάρτιος|Απρίλιος|Μάϊος|Ιούνιος|Ιούλιος|Αύγουστος|Σεπτέμβριος|Οκτώβριος|Νοέμβριος|Δεκέμβριος
2022: Ιανουάριος|Φεβρουάριος|Μάρτιος|Απρίλιος|Μάϊος|Ιούνιος|Ιούλιος|Αύγουστος|Σεπτέμβριος|Οκτώβριος|Νοέμβριος|Δεκέμβριος
2021: Ιανουάριος|Φεβρουάριος|Μάρτιος|Απρίλιος|Μάϊος|Ιούνιος|Ιούλιος|Αύγουστος|Σεπτέμβριος|Οκτώβριος|Νοέμβριος|Δεκέμβριος
2020: Ιανουάριος|Φεβρουάριος|Μάρτιος|Απρίλιος|Μάϊος|Ιούνιος|Ιούλιος|Αύγουστος|Σεπτέμβριος|Οκτώβριος|Νοέμβριος|Δεκέμβριος
2019: Ιανουάριος|Φεβρουάριος|Μάρτιος|Απρίλιος|Μάϊος|Ιούνιος|Ιούλιος|Αύγουστος|Σεπτέμβριος|Οκτώβριος|Νοέμβριος|Δεκέμβριος
2018: Ιανουάριος|Φεβρουάριος|Μάρτιος|Απρίλιος|Μάϊος|Ιούνιος|Ιούλιος|Αύγουστος|Σεπτέμβριος|Οκτώβριος|Νοέμβριος|Δεκέμβριος
2017: Ιανουάριος|Φεβρουάριος|Μάρτιος|Απρίλιος|Μάϊος|Ιούνιος|Ιούλιος|Αύγουστος|Σεπτέμβριος|Οκτώβριος|Νοέμβριος|Δεκέμβριος
Καταγραφές τύπου NOAA για Ιανουάριος 2020
MONTHLY CLIMATOLOGICAL SUMMARY for JAN. 2020
NAME: pcomp-di CITY: STATE:
ELEV: 177 m LAT: 37° 58' 09" N LONG: 23° 46' 03" E
TEMPERATURE (°C), RAIN (mm), WIND SPEED (km/hr)
HEAT COOL AVG
MEAN DEG DEG WIND DOM
DAY TEMP HIGH TIME LOW TIME DAYS DAYS RAIN SPEED HIGH TIME DIR
------------------------------------------------------------------------------------
1 6.4 10.7 13:10 1.5 6:40 11.9 0.0 0.4 1.6 30.6 00:00 NE
2 6.1 8.4 0:30 3.2 6:30 12.3 0.0 0.0 5.6 43.5 9:10 NE
3 7.2 11.2 15:10 3.3 20:30 11.1 0.0 0.2 2.4 43.5 12:30 N
4 9.3 16.2 14:20 3.7 8:20 9.1 0.0 0.2 0.5 12.9 00:00 ESE
5 8.7 11.7 13:30 5.1 23:30 9.6 0.0 0.2 3.1 32.2 20:40 ENE
6 4.3 6.1 2:00 3.7 7:40 14.0 0.0 0.2 9.5 53.1 12:10 NNE
7 5.3 7.0 14:30 3.7 5:30 13.0 0.0 0.0 4.7 38.6 13:00 N
8 6.3 8.3 12:50 5.3 3:50 12.0 0.0 0.2 1.4 32.2 12:00 N
9 6.7 9.8 13:50 2.9 23:20 11.7 0.0 0.2 1.0 30.6 15:20 NE
10 7.1 14.9 14:20 1.7 6:50 11.3 0.0 0.2 0.0 9.7 2:30 ESE
11 8.7 14.6 14:50 5.0 7:50 9.7 0.0 0.2 0.0 6.4 23:00 ESE
12 9.6 14.9 15:20 5.1 6:30 8.8 0.0 0.2 0.8 16.1 18:00 E
13 9.6 13.5 14:10 6.1 23:30 8.7 0.0 0.2 1.0 20.9 12:00 ENE
14 8.6 14.3 15:20 4.2 5:40 9.8 0.0 0.0 0.6 11.3 0:50 ESE
15 9.7 12.6 15:40 5.6 3:10 8.7 0.0 0.2 1.0 32.2 16:40 NE
16 10.1 13.5 15:00 7.2 3:30 8.3 0.0 0.2 2.4 33.8 22:10 ENE
17 9.0 11.0 15:10 7.0 22:00 9.3 0.0 0.2 3.7 43.5 2:10 NE
18 7.7 8.8 12:20 6.3 6:40 10.4 0.0 0.2 2.3 24.1 5:30 ENE
19 7.1 9.7 12:20 3.9 7:10 10.9 0.0 0.0 1.8 24.1 12:10 E
20 6.9 8.7 14:20 6.1 7:00 8.8 0.0 0.0 2.3 29.0 16:50 NE
21 5.9 8.5 15:30 1.3 22:00 11.5 0.0 0.0 1.8 25.7 10:30 NE
22 7.7 15.6 13:50 0.9 4:40 10.6 0.0 0.0 1.1 16.1 23:20 ESE
23 9.2 15.8 10:30 2.9 5:50 9.2 0.0 0.2 2.6 40.2 11:10 ENE
24 6.9 12.6 13:30 2.2 6:50 11.4 0.0 0.2 0.2 19.3 0:20 ESE
25 8.6 14.1 13:40 3.1 4:00 9.5 0.0 0.0 0.0 16.1 13:50 SW
26 11.0 13.8 14:40 8.0 0:10 7.3 0.0 0.0 0.0 16.1 14:40 SSE
27 11.8 15.7 10:10 7.9 00:00 6.5 0.0 0.2 1.3 22.5 19:30 SSW
28 11.6 15.9 14:40 6.2 5:10 6.6 0.0 0.0 1.6 32.2 14:40 W
29 13.4 17.6 14:20 8.9 3:50 4.9 0.0 0.0 1.1 24.1 11:50 SW
30 13.2 17.5 14:40 9.3 23:40 5.2 0.0 0.2 0.8 29.0 13:50 W
31 10.8 14.8 14:20 4.4 5:40 7.3 0.0 0.0 0.3 24.1 19:30 SW
-------------------------------------------------------------------------------------
8.5 17.6 29 0.9 22 299.3 0.0 4.1 1.8 53.1 6 NE
Max >= 32.0: 0
Max <= 0.0: 0
Min <= 0.0: 0
Min <= -18.0: 0
Max Rain: 0.41 ON 01/01/20
Days of Rain: 19 (> .2 mm) 0 (> 2 mm) 0 (> 20 mm)
Heat Base: 18.3 Cool Base: 18.3 Method: Integration