Καταγραφές τύπου NOAA
2024: Ιανουάριος|Φεβρουάριος|Μάρτιος|Απρίλιος|Μάϊος|Ιούνιος|Ιούλιος|Αύγουστος|Σεπτέμβριος|Οκτώβριος|Νοέμβριος|Δεκέμβριος
2023: Ιανουάριος|Φεβρουάριος|Μάρτιος|Απρίλιος|Μάϊος|Ιούνιος|Ιούλιος|Αύγουστος|Σεπτέμβριος|Οκτώβριος|Νοέμβριος|Δεκέμβριος
2022: Ιανουάριος|Φεβρουάριος|Μάρτιος|Απρίλιος|Μάϊος|Ιούνιος|Ιούλιος|Αύγουστος|Σεπτέμβριος|Οκτώβριος|Νοέμβριος|Δεκέμβριος
2021: Ιανουάριος|Φεβρουάριος|Μάρτιος|Απρίλιος|Μάϊος|Ιούνιος|Ιούλιος|Αύγουστος|Σεπτέμβριος|Οκτώβριος|Νοέμβριος|Δεκέμβριος
2020: Ιανουάριος|Φεβρουάριος|Μάρτιος|Απρίλιος|Μάϊος|Ιούνιος|Ιούλιος|Αύγουστος|Σεπτέμβριος|Οκτώβριος|Νοέμβριος|Δεκέμβριος
2019: Ιανουάριος|Φεβρουάριος|Μάρτιος|Απρίλιος|Μάϊος|Ιούνιος|Ιούλιος|Αύγουστος|Σεπτέμβριος|Οκτώβριος|Νοέμβριος|Δεκέμβριος
2018: Ιανουάριος|Φεβρουάριος|Μάρτιος|Απρίλιος|Μάϊος|Ιούνιος|Ιούλιος|Αύγουστος|Σεπτέμβριος|Οκτώβριος|Νοέμβριος|Δεκέμβριος
2017: Ιανουάριος|Φεβρουάριος|Μάρτιος|Απρίλιος|Μάϊος|Ιούνιος|Ιούλιος|Αύγουστος|Σεπτέμβριος|Οκτώβριος|Νοέμβριος|Δεκέμβριος
Καταγραφές τύπου NOAA για Δεκέμβριος 2020
MONTHLY CLIMATOLOGICAL SUMMARY for DEC. 2020
NAME: pcomp-di CITY: STATE:
ELEV: 177 m LAT: 37° 58' 09" N LONG: 23° 46' 03" E
TEMPERATURE (°C), RAIN (mm), WIND SPEED (km/hr)
HEAT COOL AVG
MEAN DEG DEG WIND DOM
DAY TEMP HIGH TIME LOW TIME DAYS DAYS RAIN SPEED HIGH TIME DIR
------------------------------------------------------------------------------------
1 11.2 13.1 12:50 10.1 18:20 6.3 0.0 0.0 2.7 33.8 5:00 ENE
2 11.6 14.0 13:30 9.4 2:40 5.9 0.0 0.0 1.0 19.3 15:50 E
3 12.4 16.6 14:20 7.7 3:10 5.3 0.0 0.0 0.0 17.7 11:50 NE
4 13.8 16.9 13:40 12.2 10:50 3.9 0.0 6.6 1.6 40.2 3:00 ESE
5 13.8 19.2 14:50 9.9 5:30 4.1 0.0 3.0 0.0 8.0 16:00 ESE
6 14.8 18.8 13:20 10.6 2:30 3.3 0.0 2.0 1.0 20.9 14:00 ENE
7 14.5 16.4 15:30 11.2 23:00 3.1 0.0 1.4 2.4 29.0 4:00 W
8 13.6 17.2 13:40 9.8 00:00 4.2 0.0 1.6 1.6 17.7 14:50 ESE
9 15.8 18.1 13:20 9.9 0:10 2.3 0.0 1.2 9.2 53.1 16:20 SSE
10 13.6 16.9 4:50 9.4 00:00 4.0 0.0 1.6 4.8 59.5 3:30 SSE
11 12.1 15.5 13:20 8.3 8:00 5.7 0.0 1.0 1.3 51.5 00:00 SSE
12 14.4 16.3 12:50 11.4 8:30 3.5 0.0 1.2 1.8 54.7 0:30 SSE
13 13.4 16.2 12:20 10.7 8:10 4.4 0.0 0.8 1.1 19.3 0:10 ENE
14 11.7 12.9 0:10 10.8 9:30 5.7 0.0 0.8 0.0 14.5 11:50 ENE
15 12.2 14.2 14:10 10.3 00:00 5.2 0.0 0.8 2.7 30.6 13:20 ENE
16 11.9 15.3 13:40 7.8 00:00 5.8 0.0 0.6 3.5 29.0 12:10 ENE
17 10.9 14.8 11:40 7.0 4:50 6.8 0.0 0.6 0.0 6.4 8:20 E
18 11.5 14.3 14:10 8.6 0:10 6.0 0.0 0.6 0.8 17.7 13:30 ENE
19 11.9 15.5 12:50 7.2 8:10 5.8 0.0 0.6 1.0 19.3 13:30 NE
20 12.0 13.0 13:40 11.2 23:10 5.0 0.0 0.6 2.7 17.7 11:00 ENE
21 11.8 14.1 14:10 10.3 8:10 5.8 0.0 0.4 4.2 29.0 14:50 ENE
22 11.2 13.5 11:10 7.8 00:00 6.4 0.0 0.6 1.0 16.1 10:50 NE
23 11.1 16.1 15:40 7.1 5:20 6.6 0.0 0.4 0.0 3.2 13:50 W
24 13.9 17.2 15:20 10.2 3:40 4.0 0.0 0.4 1.8 24.1 23:10 SSW
25 15.0 17.8 13:50 11.3 22:40 2.9 0.0 0.4 3.4 22.5 9:50 SSE
26 15.8 18.3 12:00 10.6 4:40 2.3 0.0 0.6 6.9 43.5 18:20 SSE
27 15.4 17.6 11:00 12.6 18:00 2.7 0.0 0.2 12.7 64.4 11:40 SSE
28 14.2 16.2 15:40 10.7 8:20 3.7 0.0 0.4 4.0 37.0 0:10 SW
29 15.4 17.4 14:40 12.8 0:10 2.6 0.0 0.0 5.1 37.0 15:20 S
30 15.8 17.5 14:20 14.3 1:00 2.1 0.0 0.4 6.1 40.2 0:50 SSE
31 14.9 16.4 14:10 12.4 10:00 2.9 0.0 0.4 4.7 33.8 1:10 SSE
-------------------------------------------------------------------------------------
13.3 19.2 5 7.0 17 138.3 0.0 29.3 2.9 64.4 27 SSE
Max >= 32.0: 0
Max <= 0.0: 0
Min <= 0.0: 0
Min <= -18.0: 0
Max Rain: 6.60 ON 04/12/20
Days of Rain: 27 (> .2 mm) 3 (> 2 mm) 0 (> 20 mm)
Heat Base: 18.3 Cool Base: 18.3 Method: Integration