Καταγραφές τύπου NOAA
2024: Ιανουάριος|Φεβρουάριος|Μάρτιος|Απρίλιος|Μάϊος|Ιούνιος|Ιούλιος|Αύγουστος|Σεπτέμβριος|Οκτώβριος|Νοέμβριος|Δεκέμβριος
2023: Ιανουάριος|Φεβρουάριος|Μάρτιος|Απρίλιος|Μάϊος|Ιούνιος|Ιούλιος|Αύγουστος|Σεπτέμβριος|Οκτώβριος|Νοέμβριος|Δεκέμβριος
2022: Ιανουάριος|Φεβρουάριος|Μάρτιος|Απρίλιος|Μάϊος|Ιούνιος|Ιούλιος|Αύγουστος|Σεπτέμβριος|Οκτώβριος|Νοέμβριος|Δεκέμβριος
2021: Ιανουάριος|Φεβρουάριος|Μάρτιος|Απρίλιος|Μάϊος|Ιούνιος|Ιούλιος|Αύγουστος|Σεπτέμβριος|Οκτώβριος|Νοέμβριος|Δεκέμβριος
2020: Ιανουάριος|Φεβρουάριος|Μάρτιος|Απρίλιος|Μάϊος|Ιούνιος|Ιούλιος|Αύγουστος|Σεπτέμβριος|Οκτώβριος|Νοέμβριος|Δεκέμβριος
2019: Ιανουάριος|Φεβρουάριος|Μάρτιος|Απρίλιος|Μάϊος|Ιούνιος|Ιούλιος|Αύγουστος|Σεπτέμβριος|Οκτώβριος|Νοέμβριος|Δεκέμβριος
2018: Ιανουάριος|Φεβρουάριος|Μάρτιος|Απρίλιος|Μάϊος|Ιούνιος|Ιούλιος|Αύγουστος|Σεπτέμβριος|Οκτώβριος|Νοέμβριος|Δεκέμβριος
2017: Ιανουάριος|Φεβρουάριος|Μάρτιος|Απρίλιος|Μάϊος|Ιούνιος|Ιούλιος|Αύγουστος|Σεπτέμβριος|Οκτώβριος|Νοέμβριος|Δεκέμβριος
Καταγραφές τύπου NOAA για Σεπτέμβριος 2022
MONTHLY CLIMATOLOGICAL SUMMARY for AUG. 2022
NAME: pcomp-di CITY: STATE:
ELEV: 177 m LAT: 37° 58' 09" N LONG: 23° 46' 03" E
TEMPERATURE (°C), RAIN (mm), WIND SPEED (km/hr)
HEAT COOL AVG
MEAN DEG DEG WIND DOM
DAY TEMP HIGH TIME LOW TIME DAYS DAYS RAIN SPEED HIGH TIME DIR
------------------------------------------------------------------------------------
1 29.1 32.6 4:20 25.6 12:30 0.0 10.7 0.0 0.0 0.0 --- ---
2 29.2 33.7 3:30 25.9 19:10 0.0 10.9 0.0 0.0 0.0 --- ---
3 28.7 32.3 4:10 25.6 18:40 0.0 10.3 0.0 0.0 1.6 15:30 ESE
4 28.4 31.3 3:00 25.8 19:40 0.0 10.1 0.0 0.0 1.6 1:30 ENE
5 28.7 32.7 3:40 24.2 16:30 0.0 10.4 0.0 0.0 0.0 --- ---
6 28.3 32.4 2:10 24.5 19:00 0.0 9.9 0.0 0.0 0.0 --- ---
7 27.6 31.4 5:30 23.4 15:40 0.0 9.3 0.0 0.0 0.0 --- ---
8 27.2 31.5 3:40 22.5 19:20 0.0 8.8 0.0 0.0 0.0 --- ---
9 25.8 31.5 3:10 21.4 17:50 0.0 7.5 0.0 0.0 0.0 --- ---
10 26.1 30.7 2:50 20.5 18:40 0.0 7.8 0.0 0.0 0.0 --- ---
11 25.9 30.7 23:50 20.9 16:10 0.0 7.6 0.0 0.0 0.0 --- ---
12 28.3 33.2 00:00 23.3 18:10 0.0 10.0 0.0 0.0 0.0 --- ---
13 28.9 34.9 3:10 23.3 16:30 0.0 10.6 0.0 0.0 0.0 --- ---
14 31.2 36.8 4:00 24.7 19:00 0.0 12.8 0.0 0.0 0.0 --- ---
15 30.5 36.9 4:50 24.5 18:40 0.0 12.2 0.0 0.0 0.0 --- ---
16 29.4 35.1 3:40 23.7 18:50 0.0 11.1 0.0 0.0 0.0 --- ---
17 28.1 33.4 3:10 22.5 18:50 0.0 9.7 0.0 0.0 0.0 --- ---
18 25.3 31.2 1:40 21.3 4:10 0.0 7.0 6.8 0.0 0.0 --- ---
19 23.2 29.6 2:10 19.8 18:50 0.0 4.8 1.6 0.0 1.6 5:50 S
20 22.0 26.7 00:00 19.2 19:10 0.0 3.7 1.2 0.0 0.0 --- ---
21 22.6 26.8 0:20 19.4 18:30 0.0 4.2 1.0 0.0 3.2 2:20 E
22 24.1 29.2 00:00 20.6 19:00 0.0 5.7 0.8 0.0 0.0 --- ---
23 24.3 30.1 0:40 19.8 19:20 0.0 6.0 0.6 0.0 0.0 --- ---
24 26.1 32.2 2:20 20.6 19:30 0.0 7.7 0.6 0.0 0.0 --- ---
25 27.1 33.7 1:40 20.7 19:20 0.0 8.7 0.4 0.0 0.0 --- ---
26 26.7 33.3 3:10 21.3 15:40 0.0 8.3 0.4 0.0 0.0 --- ---
27 24.7 32.4 2:40 20.2 18:40 0.0 6.4 0.4 0.0 1.6 3:50 ESE
28 25.9 31.3 4:00 21.2 19:30 0.0 7.6 0.4 0.0 0.0 --- ---
29 26.0 31.8 4:10 21.1 18:40 0.0 7.7 0.4 0.0 0.0 --- ---
30 26.4 31.4 23:50 21.2 19:10 0.0 8.1 0.2 0.0 0.0 --- ---
31 25.9 32.3 2:10 21.6 19:40 0.0 7.6 0.4 0.0 0.0 --- ---
-------------------------------------------------------------------------------------
26.8 36.9 15 19.2 20 0.0 263.3 15.2 0.0 3.2 21 ESE
Max >= 32.0: 16
Max <= 0.0: 0
Min <= 0.0: 0
Min <= -18.0: 0
Max Rain: 6.81 ON 18/08/22
Days of Rain: 14 (> .2 mm) 1 (> 2 mm) 0 (> 20 mm)
Heat Base: 18.3 Cool Base: 18.3 Method: Integration