Καταγραφές τύπου NOAA
2024: Ιανουάριος|Φεβρουάριος|Μάρτιος|Απρίλιος|Μάϊος|Ιούνιος|Ιούλιος|Αύγουστος|Σεπτέμβριος|Οκτώβριος|Νοέμβριος|Δεκέμβριος
2023: Ιανουάριος|Φεβρουάριος|Μάρτιος|Απρίλιος|Μάϊος|Ιούνιος|Ιούλιος|Αύγουστος|Σεπτέμβριος|Οκτώβριος|Νοέμβριος|Δεκέμβριος
2022: Ιανουάριος|Φεβρουάριος|Μάρτιος|Απρίλιος|Μάϊος|Ιούνιος|Ιούλιος|Αύγουστος|Σεπτέμβριος|Οκτώβριος|Νοέμβριος|Δεκέμβριος
2021: Ιανουάριος|Φεβρουάριος|Μάρτιος|Απρίλιος|Μάϊος|Ιούνιος|Ιούλιος|Αύγουστος|Σεπτέμβριος|Οκτώβριος|Νοέμβριος|Δεκέμβριος
2020: Ιανουάριος|Φεβρουάριος|Μάρτιος|Απρίλιος|Μάϊος|Ιούνιος|Ιούλιος|Αύγουστος|Σεπτέμβριος|Οκτώβριος|Νοέμβριος|Δεκέμβριος
2019: Ιανουάριος|Φεβρουάριος|Μάρτιος|Απρίλιος|Μάϊος|Ιούνιος|Ιούλιος|Αύγουστος|Σεπτέμβριος|Οκτώβριος|Νοέμβριος|Δεκέμβριος
2018: Ιανουάριος|Φεβρουάριος|Μάρτιος|Απρίλιος|Μάϊος|Ιούνιος|Ιούλιος|Αύγουστος|Σεπτέμβριος|Οκτώβριος|Νοέμβριος|Δεκέμβριος
2017: Ιανουάριος|Φεβρουάριος|Μάρτιος|Απρίλιος|Μάϊος|Ιούνιος|Ιούλιος|Αύγουστος|Σεπτέμβριος|Οκτώβριος|Νοέμβριος|Δεκέμβριος
Καταγραφές τύπου NOAA για Οκτώβριος 2022
MONTHLY CLIMATOLOGICAL SUMMARY for SEP. 2022
NAME: pcomp-di CITY: STATE:
ELEV: 177 m LAT: 37° 58' 09" N LONG: 23° 46' 03" E
TEMPERATURE (°C), RAIN (mm), WIND SPEED (km/hr)
HEAT COOL AVG
MEAN DEG DEG WIND DOM
DAY TEMP HIGH TIME LOW TIME DAYS DAYS RAIN SPEED HIGH TIME DIR
------------------------------------------------------------------------------------
1 22.8 26.8 0:20 20.3 18:00 0.0 4.5 0.0 0.0 0.0 --- ---
2 23.2 26.7 3:50 21.1 16:50 0.0 4.9 0.0 0.0 0.0 --- ---
3 23.4 28.1 00:00 19.8 10:20 0.0 5.1 0.0 0.0 0.0 --- ---
4 24.8 29.9 3:30 18.7 16:40 0.0 6.5 0.0 0.0 0.0 --- ---
5 26.0 32.0 3:20 21.3 11:20 0.0 7.7 0.0 0.0 0.0 --- ---
6 27.4 32.6 2:50 22.4 17:50 0.0 9.1 0.0 0.0 0.0 --- ---
7 27.1 32.8 1:50 21.4 18:00 0.0 8.7 0.0 0.0 0.0 --- ---
8 24.5 30.6 3:00 19.8 11:50 0.0 6.2 0.0 0.0 0.0 --- ---
9 22.8 29.0 2:20 17.3 15:40 0.1 4.5 0.0 0.0 0.0 --- ---
10 22.8 28.5 0:50 17.8 17:20 0.1 4.5 0.0 0.0 0.0 --- ---
11 24.2 30.7 3:10 19.1 15:50 0.0 5.9 0.0 0.0 0.0 --- ---
12 25.4 30.8 2:50 20.9 17:30 0.0 7.1 0.0 0.0 0.0 --- ---
13 26.6 32.3 2:20 22.9 19:00 0.0 8.2 0.0 0.0 1.6 20:50 WNW
14 24.9 31.2 2:50 20.1 19:00 0.0 6.6 0.0 0.0 0.0 --- ---
15 22.3 27.9 3:20 17.3 18:10 0.1 4.1 0.0 0.0 3.2 20:10 ENE
16 21.4 26.8 0:10 18.7 11:20 0.0 3.1 0.0 0.0 1.6 3:00 ESE
17 18.3 26.1 1:00 14.9 14:10 1.1 1.0 7.2 0.0 1.6 0:30 NE
18 17.5 21.0 00:00 15.1 14:40 1.3 0.4 0.0 0.0 0.0 --- ---
19 16.6 22.8 00:00 11.0 16:20 2.5 0.7 0.2 0.0 3.2 22:30 NE
20 18.6 23.9 1:10 14.2 18:00 1.5 1.8 0.0 0.0 8.0 1:40 SSW
21 19.3 25.2 3:40 14.7 14:10 1.3 2.2 0.0 0.0 0.0 --- ---
22 21.3 25.7 2:20 17.1 12:20 0.1 2.7 0.0 0.0 0.0 --- ---
23 23.2 26.6 00:00 19.6 17:40 0.0 4.8 0.2 0.0 0.0 --- ---
24 23.2 28.7 2:10 17.6 18:20 0.1 4.8 0.0 0.0 0.0 --- ---
25 23.2 28.5 3:20 16.8 18:50 0.1 4.9 0.0 0.0 0.0 --- ---
26 23.6 29.8 2:20 19.1 18:10 0.0 5.3 0.0 0.0 0.0 --- ---
27 25.3 30.3 3:10 21.2 13:00 0.0 6.9 0.0 0.0 0.0 --- ---
28 23.4 29.6 2:40 17.4 17:30 0.1 5.2 0.0 0.0 0.0 --- ---
29 21.6 26.2 1:20 18.1 11:10 0.0 3.1 0.0 0.0 0.0 --- ---
30 19.1 23.5 2:50 14.4 17:20 0.6 1.3 0.0 0.0 0.0 --- ---
-------------------------------------------------------------------------------------
22.8 32.8 7 11.0 19 8.7 141.8 7.6 0.0 8.0 20 SSW
Max >= 32.0: 4
Max <= 0.0: 0
Min <= 0.0: 0
Min <= -18.0: 0
Max Rain: 7.19 ON 17/09/22
Days of Rain: 3 (> .2 mm) 1 (> 2 mm) 0 (> 20 mm)
Heat Base: 18.3 Cool Base: 18.3 Method: Integration