Καταγραφές τύπου NOAA
2024: Ιανουάριος|Φεβρουάριος|Μάρτιος|Απρίλιος|Μάϊος|Ιούνιος|Ιούλιος|Αύγουστος|Σεπτέμβριος|Οκτώβριος|Νοέμβριος|Δεκέμβριος
2023: Ιανουάριος|Φεβρουάριος|Μάρτιος|Απρίλιος|Μάϊος|Ιούνιος|Ιούλιος|Αύγουστος|Σεπτέμβριος|Οκτώβριος|Νοέμβριος|Δεκέμβριος
2022: Ιανουάριος|Φεβρουάριος|Μάρτιος|Απρίλιος|Μάϊος|Ιούνιος|Ιούλιος|Αύγουστος|Σεπτέμβριος|Οκτώβριος|Νοέμβριος|Δεκέμβριος
2021: Ιανουάριος|Φεβρουάριος|Μάρτιος|Απρίλιος|Μάϊος|Ιούνιος|Ιούλιος|Αύγουστος|Σεπτέμβριος|Οκτώβριος|Νοέμβριος|Δεκέμβριος
2020: Ιανουάριος|Φεβρουάριος|Μάρτιος|Απρίλιος|Μάϊος|Ιούνιος|Ιούλιος|Αύγουστος|Σεπτέμβριος|Οκτώβριος|Νοέμβριος|Δεκέμβριος
2019: Ιανουάριος|Φεβρουάριος|Μάρτιος|Απρίλιος|Μάϊος|Ιούνιος|Ιούλιος|Αύγουστος|Σεπτέμβριος|Οκτώβριος|Νοέμβριος|Δεκέμβριος
2018: Ιανουάριος|Φεβρουάριος|Μάρτιος|Απρίλιος|Μάϊος|Ιούνιος|Ιούλιος|Αύγουστος|Σεπτέμβριος|Οκτώβριος|Νοέμβριος|Δεκέμβριος
2017: Ιανουάριος|Φεβρουάριος|Μάρτιος|Απρίλιος|Μάϊος|Ιούνιος|Ιούλιος|Αύγουστος|Σεπτέμβριος|Οκτώβριος|Νοέμβριος|Δεκέμβριος
Καταγραφές τύπου NOAA για Νοέμβριος 2022
MONTHLY CLIMATOLOGICAL SUMMARY for OCT. 2022
NAME: pcomp-di CITY: STATE:
ELEV: 177 m LAT: 37° 58' 09" N LONG: 23° 46' 03" E
TEMPERATURE (°C), RAIN (mm), WIND SPEED (km/hr)
HEAT COOL AVG
MEAN DEG DEG WIND DOM
DAY TEMP HIGH TIME LOW TIME DAYS DAYS RAIN SPEED HIGH TIME DIR
------------------------------------------------------------------------------------
1 18.2 22.2 3:20 13.9 13:50 1.1 0.9 0.0 0.0 0.0 --- ---
2 18.8 21.7 00:00 16.3 12:30 0.4 0.8 0.0 0.0 0.0 --- ---
3 19.3 23.2 00:00 14.7 19:20 0.4 1.4 0.0 0.0 0.0 --- ---
4 19.3 24.6 1:40 13.7 14:50 1.1 2.0 0.0 0.0 0.0 --- ---
5 19.7 24.7 3:30 14.8 14:50 0.8 2.1 0.0 0.0 0.0 --- ---
6 19.6 25.2 1:50 14.6 15:30 0.9 2.2 0.0 0.0 0.0 --- ---
7 19.9 24.5 3:10 16.1 15:10 0.4 1.9 0.0 0.0 0.0 --- ---
8 19.8 24.2 3:20 14.7 18:10 0.4 1.8 0.0 0.0 0.0 --- ---
9 19.4 24.7 2:00 15.4 10:00 0.5 1.3 0.0 0.0 0.0 --- ---
10 17.1 18.8 23:30 15.5 20:20 0.2 0.0 0.0 0.0 0.0 --- ---
11 17.2 19.4 1:00 15.7 18:10 1.1 0.1 0.0 0.0 0.0 --- ---
12 17.1 20.2 2:30 14.6 16:30 1.3 0.2 0.0 0.0 0.0 --- ---
13 17.8 20.2 0:50 16.2 17:00 0.8 0.3 0.0 0.0 0.0 --- ---
14 17.2 21.3 23:50 12.7 17:30 1.4 0.4 0.0 0.0 0.0 --- ---
15 17.7 23.9 3:00 11.9 16:00 2.0 1.3 0.0 0.0 0.0 --- ---
16 18.5 23.3 2:00 15.4 19:20 0.8 1.0 0.0 0.0 0.0 --- ---
17 15.9 20.3 00:00 10.8 16:40 2.6 0.3 0.0 0.0 0.0 --- ---
18 17.3 23.3 2:00 13.1 13:50 2.2 1.2 0.0 0.0 0.0 --- ---
19 19.2 25.1 3:30 15.0 13:40 1.1 1.9 0.0 0.0 0.0 --- ---
20 19.9 26.5 1:50 15.3 17:20 1.0 2.5 0.0 0.0 0.0 --- ---
21 19.9 25.9 3:50 14.9 18:00 0.9 2.3 0.0 0.0 0.0 --- ---
22 19.9 26.3 2:30 14.6 18:00 1.0 2.5 0.0 0.0 0.0 --- ---
23 20.4 26.0 2:00 16.9 16:00 0.2 2.2 0.0 0.0 0.0 --- ---
24 18.4 21.7 1:30 16.6 12:30 0.6 0.7 0.0 0.0 0.0 --- ---
25 18.2 22.3 2:10 16.1 14:50 0.9 0.8 0.0 0.0 0.0 --- ---
26 17.5 24.0 00:00 11.4 15:10 2.1 1.3 0.0 0.0 0.0 --- ---
27 21.0 25.1 1:50 17.5 17:00 0.1 2.5 0.0 0.0 0.0 --- ---
28 19.6 24.6 00:00 13.8 19:30 0.6 1.7 0.0 0.0 0.0 --- ---
29 18.9 25.6 0:50 14.0 19:20 1.6 2.2 0.0 0.0 0.0 --- ---
30 19.0 26.5 1:30 14.2 14:50 1.4 2.1 0.0 0.0 0.0 --- ---
31 17.8 24.6 1:50 13.1 14:10 1.9 1.4 0.0 0.0 0.0 --- ---
-------------------------------------------------------------------------------------
18.7 26.5 20 10.8 17 31.7 43.3 0.0 0.0 0.0 --- ---
Max >= 32.0: 0
Max <= 0.0: 0
Min <= 0.0: 0
Min <= -18.0: 0
Max Rain: 0.00 ON 01/10/22
Days of Rain: 0 (> .2 mm) 0 (> 2 mm) 0 (> 20 mm)
Heat Base: 18.3 Cool Base: 18.3 Method: Integration