Καταγραφές τύπου NOAA
2024: Ιανουάριος|Φεβρουάριος|Μάρτιος|Απρίλιος|Μάϊος|Ιούνιος|Ιούλιος|Αύγουστος|Σεπτέμβριος|Οκτώβριος|Νοέμβριος|Δεκέμβριος
2023: Ιανουάριος|Φεβρουάριος|Μάρτιος|Απρίλιος|Μάϊος|Ιούνιος|Ιούλιος|Αύγουστος|Σεπτέμβριος|Οκτώβριος|Νοέμβριος|Δεκέμβριος
2022: Ιανουάριος|Φεβρουάριος|Μάρτιος|Απρίλιος|Μάϊος|Ιούνιος|Ιούλιος|Αύγουστος|Σεπτέμβριος|Οκτώβριος|Νοέμβριος|Δεκέμβριος
2021: Ιανουάριος|Φεβρουάριος|Μάρτιος|Απρίλιος|Μάϊος|Ιούνιος|Ιούλιος|Αύγουστος|Σεπτέμβριος|Οκτώβριος|Νοέμβριος|Δεκέμβριος
2020: Ιανουάριος|Φεβρουάριος|Μάρτιος|Απρίλιος|Μάϊος|Ιούνιος|Ιούλιος|Αύγουστος|Σεπτέμβριος|Οκτώβριος|Νοέμβριος|Δεκέμβριος
2019: Ιανουάριος|Φεβρουάριος|Μάρτιος|Απρίλιος|Μάϊος|Ιούνιος|Ιούλιος|Αύγουστος|Σεπτέμβριος|Οκτώβριος|Νοέμβριος|Δεκέμβριος
2018: Ιανουάριος|Φεβρουάριος|Μάρτιος|Απρίλιος|Μάϊος|Ιούνιος|Ιούλιος|Αύγουστος|Σεπτέμβριος|Οκτώβριος|Νοέμβριος|Δεκέμβριος
2017: Ιανουάριος|Φεβρουάριος|Μάρτιος|Απρίλιος|Μάϊος|Ιούνιος|Ιούλιος|Αύγουστος|Σεπτέμβριος|Οκτώβριος|Νοέμβριος|Δεκέμβριος
Καταγραφές τύπου NOAA για Φεβρουάριος 2023
MONTHLY CLIMATOLOGICAL SUMMARY for JAN. 2023
NAME: pcomp-di CITY: STATE:
ELEV: 177 m LAT: 37° 58' 09" N LONG: 23° 46' 03" E
TEMPERATURE (°C), RAIN (mm), WIND SPEED (km/hr)
HEAT COOL AVG
MEAN DEG DEG WIND DOM
DAY TEMP HIGH TIME LOW TIME DAYS DAYS RAIN SPEED HIGH TIME DIR
------------------------------------------------------------------------------------
1 12.2 17.3 23:50 7.6 14:40 5.5 0.0 0.0 0.0 0.0 --- ---
2 11.5 18.3 1:50 6.8 19:30 6.1 0.0 0.0 0.0 0.0 --- ---
3 11.1 17.2 2:30 6.6 19:20 6.5 0.0 0.0 0.0 0.0 --- ---
4 10.9 16.4 1:30 7.4 19:30 6.6 0.0 0.0 0.0 0.0 --- ---
5 13.8 15.3 2:10 11.4 22:30 3.9 0.0 0.0 0.0 0.0 --- ---
6 10.4 12.9 2:30 6.4 19:20 6.9 0.0 0.0 0.0 0.0 --- ---
7 9.1 13.7 4:00 5.3 12:00 8.3 0.0 0.0 0.0 0.0 --- ---
8 10.2 13.6 1:20 6.6 16:20 7.3 0.0 0.0 0.0 0.0 --- ---
9 8.9 14.0 1:00 3.8 19:20 8.6 0.0 0.0 0.0 0.0 --- ---
10 10.0 14.6 1:30 6.4 11:20 7.6 0.0 0.0 0.0 0.0 --- ---
11 9.0 13.4 23:50 4.5 15:20 8.3 0.0 0.0 0.0 0.0 --- ---
12 14.3 17.5 23:00 11.2 5:50 3.7 0.0 0.0 0.0 0.0 --- ---
13 16.1 17.6 0:20 15.3 15:40 2.0 0.0 0.0 0.0 0.0 --- ---
14 16.2 17.4 2:10 15.2 19:30 1.9 0.0 0.0 0.0 0.0 --- ---
15 15.2 17.6 2:00 11.8 21:40 2.7 0.0 0.0 0.0 0.0 --- ---
16 11.8 15.8 23:20 7.3 9:20 5.8 0.0 0.2 0.0 0.0 --- ---
17 13.4 16.2 23:50 9.4 16:30 4.4 0.0 0.0 0.0 0.0 --- ---
18 14.0 16.6 23:40 10.9 16:50 4.0 0.0 0.2 0.0 0.0 --- ---
19 12.9 17.1 1:20 8.7 17:00 4.9 0.0 0.0 0.0 0.0 --- ---
20 12.2 17.2 3:50 9.3 19:20 5.6 0.0 0.0 0.0 0.0 --- ---
21 9.8 12.0 21:50 8.7 22:10 7.7 0.0 0.0 0.0 0.0 --- ---
22 8.2 12.5 00:00 6.0 10:50 6.9 0.0 0.0 0.0 0.0 --- ---
23 9.4 13.6 2:40 7.2 19:20 8.1 0.0 0.2 0.0 0.0 --- ---
24 9.9 13.8 2:20 6.3 19:10 7.7 0.0 0.0 0.0 0.0 --- ---
25 8.3 12.0 1:10 5.9 19:00 9.2 0.0 0.0 0.0 0.0 --- ---
26 6.7 10.2 3:20 3.8 11:00 10.7 0.0 0.2 0.0 0.0 --- ---
27 7.3 10.1 00:00 3.7 19:10 10.0 0.0 0.0 0.0 0.0 --- ---
28 7.3 13.6 23:50 3.4 9:40 10.2 0.0 0.0 0.0 0.0 --- ---
29 10.1 14.6 2:00 5.4 14:20 7.6 0.0 0.0 0.0 0.0 --- ---
30 7.3 11.7 00:00 2.7 14:50 9.9 0.0 0.0 0.0 0.0 --- ---
31 7.7 13.2 3:40 2.9 00:00 9.4 0.0 0.0 0.0 0.0 --- ---
-------------------------------------------------------------------------------------
10.8 18.3 2 2.7 30 208.2 0.0 0.8 0.0 0.0 --- ---
Max >= 32.0: 0
Max <= 0.0: 0
Min <= 0.0: 0
Min <= -18.0: 0
Max Rain: 0.20 ON 16/01/23
Days of Rain: 4 (> .2 mm) 0 (> 2 mm) 0 (> 20 mm)
Heat Base: 18.3 Cool Base: 18.3 Method: Integration