Καταγραφές τύπου NOAA
2024: Ιανουάριος|Φεβρουάριος|Μάρτιος|Απρίλιος|Μάϊος|Ιούνιος|Ιούλιος|Αύγουστος|Σεπτέμβριος|Οκτώβριος|Νοέμβριος|Δεκέμβριος
2023: Ιανουάριος|Φεβρουάριος|Μάρτιος|Απρίλιος|Μάϊος|Ιούνιος|Ιούλιος|Αύγουστος|Σεπτέμβριος|Οκτώβριος|Νοέμβριος|Δεκέμβριος
2022: Ιανουάριος|Φεβρουάριος|Μάρτιος|Απρίλιος|Μάϊος|Ιούνιος|Ιούλιος|Αύγουστος|Σεπτέμβριος|Οκτώβριος|Νοέμβριος|Δεκέμβριος
2021: Ιανουάριος|Φεβρουάριος|Μάρτιος|Απρίλιος|Μάϊος|Ιούνιος|Ιούλιος|Αύγουστος|Σεπτέμβριος|Οκτώβριος|Νοέμβριος|Δεκέμβριος
2020: Ιανουάριος|Φεβρουάριος|Μάρτιος|Απρίλιος|Μάϊος|Ιούνιος|Ιούλιος|Αύγουστος|Σεπτέμβριος|Οκτώβριος|Νοέμβριος|Δεκέμβριος
2019: Ιανουάριος|Φεβρουάριος|Μάρτιος|Απρίλιος|Μάϊος|Ιούνιος|Ιούλιος|Αύγουστος|Σεπτέμβριος|Οκτώβριος|Νοέμβριος|Δεκέμβριος
2018: Ιανουάριος|Φεβρουάριος|Μάρτιος|Απρίλιος|Μάϊος|Ιούνιος|Ιούλιος|Αύγουστος|Σεπτέμβριος|Οκτώβριος|Νοέμβριος|Δεκέμβριος
2017: Ιανουάριος|Φεβρουάριος|Μάρτιος|Απρίλιος|Μάϊος|Ιούνιος|Ιούλιος|Αύγουστος|Σεπτέμβριος|Οκτώβριος|Νοέμβριος|Δεκέμβριος
Καταγραφές τύπου NOAA για Απρίλιος 2023
MONTHLY CLIMATOLOGICAL SUMMARY for APR. 2023
NAME: pcomp-di CITY: STATE:
ELEV: 177 m LAT: 37° 58' 09" N LONG: 23° 46' 03" E
TEMPERATURE (°C), RAIN (mm), WIND SPEED (km/hr)
HEAT COOL AVG
MEAN DEG DEG WIND DOM
DAY TEMP HIGH TIME LOW TIME DAYS DAYS RAIN SPEED HIGH TIME DIR
------------------------------------------------------------------------------------
1 13.8 17.6 2:00 9.2 15:00 4.5 0.0 0.0 0.0 0.0 --- ---
2 11.2 16.0 2:30 6.2 15:50 7.1 0.0 0.2 0.0 0.0 --- ---
3 11.8 16.3 1:10 7.4 16:20 6.5 0.0 0.0 0.0 0.0 --- ---
4 12.5 17.8 00:00 7.6 18:00 5.8 0.0 0.0 0.0 0.0 --- ---
5 12.7 19.0 2:10 6.7 17:50 5.6 0.0 0.4 0.0 0.0 --- ---
6 11.7 15.7 0:40 9.2 14:30 6.6 0.0 0.2 0.0 0.0 --- ---
7 13.3 18.5 00:00 8.9 14:20 5.1 0.0 0.0 0.0 0.0 --- ---
8 15.6 20.1 2:50 9.7 14:50 3.0 0.2 0.0 0.0 0.0 --- ---
9 15.3 21.2 23:20 9.9 17:30 3.4 0.4 0.0 0.0 0.0 --- ---
10 17.5 22.0 2:00 11.8 18:30 1.4 0.6 0.0 0.0 0.0 --- ---
11 16.7 21.6 2:00 13.3 13:50 2.1 0.4 0.0 0.0 0.0 --- ---
12 15.6 19.1 2:50 11.9 18:20 2.8 0.0 1.0 0.0 0.0 --- ---
13 15.6 20.6 3:10 10.3 18:20 3.1 0.3 0.2 0.0 0.0 --- ---
14 15.1 19.8 2:30 10.6 16:50 3.3 0.1 0.0 0.0 0.0 --- ---
15 14.4 19.2 0:20 9.5 17:20 3.9 0.0 0.0 0.0 0.0 --- ---
16 15.4 20.7 3:30 10.3 18:10 3.3 0.4 0.0 0.0 0.0 --- ---
17 16.5 21.4 1:50 11.4 16:10 2.3 0.5 0.0 0.0 0.0 --- ---
18 14.9 20.9 2:50 10.3 15:00 3.7 0.2 0.4 0.0 0.0 --- ---
19 14.9 20.5 00:00 9.8 16:40 3.6 0.2 0.0 0.0 0.0 --- ---
20 17.6 21.4 2:30 13.7 11:30 1.2 0.6 0.0 0.0 0.0 --- ---
21
22
23
24
25 19.2 21.7 15:40 17.1 8:30 0.1 0.7 0.0 0.0 0.0 --- ---
26 17.7 21.9 13:40 13.8 00:00 1.0 0.4 0.0 0.0 0.0 --- ---
27 15.1 19.2 16:40 12.6 00:00 3.2 0.0 0.0 0.0 0.0 --- ---
28 14.4 19.8 16:20 9.6 5:40 4.1 0.1 0.0 0.0 0.0 --- ---
29 14.1 18.9 16:30 9.2 5:40 4.3 0.0 0.0 0.0 0.0 --- ---
30 15.5 20.7 14:50 11.5 1:20 3.1 0.3 0.0 0.0 0.0 --- ---
-------------------------------------------------------------------------------------
14.9 22.0 10 6.2 2 94.1 5.6 2.4 0.0 0.0 --- ---
Max >= 32.0: 0
Max <= 0.0: 0
Min <= 0.0: 0
Min <= -18.0: 0
Max Rain: 0.99 ON 12/04/23
Days of Rain: 6 (> .2 mm) 0 (> 2 mm) 0 (> 20 mm)
Heat Base: 18.3 Cool Base: 18.3 Method: Integration