Καταγραφές τύπου NOAA
2024: Ιανουάριος|Φεβρουάριος|Μάρτιος|Απρίλιος|Μάϊος|Ιούνιος|Ιούλιος|Αύγουστος|Σεπτέμβριος|Οκτώβριος|Νοέμβριος|Δεκέμβριος
2023: Ιανουάριος|Φεβρουάριος|Μάρτιος|Απρίλιος|Μάϊος|Ιούνιος|Ιούλιος|Αύγουστος|Σεπτέμβριος|Οκτώβριος|Νοέμβριος|Δεκέμβριος
2022: Ιανουάριος|Φεβρουάριος|Μάρτιος|Απρίλιος|Μάϊος|Ιούνιος|Ιούλιος|Αύγουστος|Σεπτέμβριος|Οκτώβριος|Νοέμβριος|Δεκέμβριος
2021: Ιανουάριος|Φεβρουάριος|Μάρτιος|Απρίλιος|Μάϊος|Ιούνιος|Ιούλιος|Αύγουστος|Σεπτέμβριος|Οκτώβριος|Νοέμβριος|Δεκέμβριος
2020: Ιανουάριος|Φεβρουάριος|Μάρτιος|Απρίλιος|Μάϊος|Ιούνιος|Ιούλιος|Αύγουστος|Σεπτέμβριος|Οκτώβριος|Νοέμβριος|Δεκέμβριος
2019: Ιανουάριος|Φεβρουάριος|Μάρτιος|Απρίλιος|Μάϊος|Ιούνιος|Ιούλιος|Αύγουστος|Σεπτέμβριος|Οκτώβριος|Νοέμβριος|Δεκέμβριος
2018: Ιανουάριος|Φεβρουάριος|Μάρτιος|Απρίλιος|Μάϊος|Ιούνιος|Ιούλιος|Αύγουστος|Σεπτέμβριος|Οκτώβριος|Νοέμβριος|Δεκέμβριος
2017: Ιανουάριος|Φεβρουάριος|Μάρτιος|Απρίλιος|Μάϊος|Ιούνιος|Ιούλιος|Αύγουστος|Σεπτέμβριος|Οκτώβριος|Νοέμβριος|Δεκέμβριος
Καταγραφές τύπου NOAA για Ιούνιος 2023
MONTHLY CLIMATOLOGICAL SUMMARY for JUN. 2023
NAME: pcomp-di CITY: STATE:
ELEV: 177 m LAT: 37° 58' 09" N LONG: 23° 46' 03" E
TEMPERATURE (°C), RAIN (mm), WIND SPEED (km/hr)
HEAT COOL AVG
MEAN DEG DEG WIND DOM
DAY TEMP HIGH TIME LOW TIME DAYS DAYS RAIN SPEED HIGH TIME DIR
------------------------------------------------------------------------------------
1 22.3 27.7 13:00 16.6 2:40 0.2 4.1 0.0 0.0 0.0 --- ---
2 20.1 23.8 9:20 15.3 00:00 0.3 2.1 0.0 0.0 0.0 --- ---
3 21.5 27.9 15:20 13.6 2:30 0.9 4.1 0.0 0.0 0.0 --- ---
4 22.1 28.5 12:30 16.2 3:40 0.2 4.0 4.2 0.0 0.0 --- ---
5 23.3 28.5 14:20 18.4 1:00 0.0 5.0 0.0 0.0 0.0 --- ---
6 23.6 28.6 12:50 19.8 23:00 0.0 5.3 0.0 0.0 0.0 --- ---
7 23.4 29.2 14:40 16.8 2:10 0.1 5.2 0.0 0.0 0.0 --- ---
8 24.2 28.7 14:00 19.2 00:00 0.0 5.8 0.0 0.0 0.0 --- ---
9 23.4 28.9 14:40 17.5 4:30 0.1 5.1 0.0 0.0 0.0 --- ---
10 23.4 28.1 13:50 18.3 3:40 0.0 5.1 0.0 0.0 0.0 --- ---
11 22.7 27.7 11:00 19.4 23:50 0.0 4.4 1.2 0.0 0.0 --- ---
12 23.1 28.3 12:40 17.6 4:10 0.1 4.8 0.0 0.0 0.0 --- ---
13 22.3 26.4 10:00 18.3 23:50 0.0 3.9 2.4 0.0 0.0 --- ---
14 22.7 28.3 12:20 16.5 3:30 0.2 4.6 0.0 0.0 0.0 --- ---
15 22.9 29.4 11:20 17.2 4:20 0.1 4.6 0.0 0.0 0.0 --- ---
16 22.8 28.5 10:30 18.2 2:20 0.0 4.5 0.8 0.0 0.0 --- ---
17 21.3 25.2 13:10 18.3 00:00 0.0 2.9 1.0 0.0 0.0 --- ---
18 20.7 25.4 15:50 18.2 9:10 0.0 2.3 3.8 0.0 0.0 --- ---
19 23.8 29.3 14:10 17.8 3:10 0.1 5.5 0.0 0.0 0.0 --- ---
20 24.8 31.1 10:40 18.5 4:50 0.0 6.4 0.0 0.0 0.0 --- ---
21 26.2 32.2 14:20 18.9 4:40 0.0 7.9 0.0 0.0 0.0 --- ---
22 27.9 33.3 14:20 21.1 3:20 0.0 9.6 0.0 0.0 0.0 --- ---
23 28.3 32.8 14:40 22.1 00:00 0.0 9.9 0.0 0.0 0.0 --- ---
24 28.2 34.3 14:20 21.4 4:40 0.0 9.9 0.0 0.0 0.0 --- ---
25 27.4 33.5 12:10 21.6 5:00 0.0 9.1 0.0 0.0 0.0 --- ---
26 27.0 32.8 11:30 22.7 13:30 0.0 8.7 2.8 0.0 0.0 --- ---
27 26.6 31.1 15:30 22.3 23:30 0.0 8.3 0.0 0.0 0.0 --- ---
28 27.0 32.0 15:00 20.5 3:30 0.0 8.7 0.0 0.0 0.0 --- ---
29 27.1 31.6 10:50 22.4 4:10 0.0 8.8 0.0 0.0 0.0 --- ---
30 25.7 30.4 14:10 21.3 00:00 0.0 7.4 0.0 0.0 0.0 --- ---
-------------------------------------------------------------------------------------
24.2 34.3 24 13.6 3 2.2 178.1 16.2 0.0 0.0 --- ---
Max >= 32.0: 7
Max <= 0.0: 0
Min <= 0.0: 0
Min <= -18.0: 0
Max Rain: 4.19 ON 04/06/23
Days of Rain: 7 (> .2 mm) 4 (> 2 mm) 0 (> 20 mm)
Heat Base: 18.3 Cool Base: 18.3 Method: Integration