Καταγραφές τύπου NOAA
2024: Ιανουάριος|Φεβρουάριος|Μάρτιος|Απρίλιος|Μάϊος|Ιούνιος|Ιούλιος|Αύγουστος|Σεπτέμβριος|Οκτώβριος|Νοέμβριος|Δεκέμβριος
2023: Ιανουάριος|Φεβρουάριος|Μάρτιος|Απρίλιος|Μάϊος|Ιούνιος|Ιούλιος|Αύγουστος|Σεπτέμβριος|Οκτώβριος|Νοέμβριος|Δεκέμβριος
2022: Ιανουάριος|Φεβρουάριος|Μάρτιος|Απρίλιος|Μάϊος|Ιούνιος|Ιούλιος|Αύγουστος|Σεπτέμβριος|Οκτώβριος|Νοέμβριος|Δεκέμβριος
2021: Ιανουάριος|Φεβρουάριος|Μάρτιος|Απρίλιος|Μάϊος|Ιούνιος|Ιούλιος|Αύγουστος|Σεπτέμβριος|Οκτώβριος|Νοέμβριος|Δεκέμβριος
2020: Ιανουάριος|Φεβρουάριος|Μάρτιος|Απρίλιος|Μάϊος|Ιούνιος|Ιούλιος|Αύγουστος|Σεπτέμβριος|Οκτώβριος|Νοέμβριος|Δεκέμβριος
2019: Ιανουάριος|Φεβρουάριος|Μάρτιος|Απρίλιος|Μάϊος|Ιούνιος|Ιούλιος|Αύγουστος|Σεπτέμβριος|Οκτώβριος|Νοέμβριος|Δεκέμβριος
2018: Ιανουάριος|Φεβρουάριος|Μάρτιος|Απρίλιος|Μάϊος|Ιούνιος|Ιούλιος|Αύγουστος|Σεπτέμβριος|Οκτώβριος|Νοέμβριος|Δεκέμβριος
2017: Ιανουάριος|Φεβρουάριος|Μάρτιος|Απρίλιος|Μάϊος|Ιούνιος|Ιούλιος|Αύγουστος|Σεπτέμβριος|Οκτώβριος|Νοέμβριος|Δεκέμβριος
Καταγραφές τύπου NOAA για Αύγουστος 2023
MONTHLY CLIMATOLOGICAL SUMMARY for JUL. 2023
NAME: pcomp-di CITY: STATE:
ELEV: 177 m LAT: 37° 58' 09" N LONG: 23° 46' 03" E
TEMPERATURE (°C), RAIN (mm), WIND SPEED (km/hr)
HEAT COOL AVG
MEAN DEG DEG WIND DOM
DAY TEMP HIGH TIME LOW TIME DAYS DAYS RAIN SPEED HIGH TIME DIR
------------------------------------------------------------------------------------
1 25.8 30.8 14:10 20.6 1:10 0.0 7.5 0.0 0.0 0.0 --- ---
2 26.4 31.7 14:20 21.1 4:50 0.0 8.1 0.0 0.0 0.0 --- ---
3 27.2 31.9 16:00 22.9 4:10 0.0 8.8 0.2 0.0 0.0 --- ---
4 27.8 33.3 11:20 21.6 4:10 0.0 9.4 0.0 0.0 0.0 --- ---
5 28.7 34.2 13:00 21.8 3:30 0.0 10.4 0.0 0.0 1.6 7:00 NE
6 28.8 34.4 14:40 23.2 5:10 0.0 10.5 0.0 0.0 0.0 --- ---
7 29.4 35.8 14:10 23.1 5:00 0.0 11.1 0.0 0.0 0.0 --- ---
8 28.8 33.4 15:20 24.4 00:00 0.0 10.5 0.0 0.0 0.0 --- ---
9 27.1 31.9 16:50 21.6 00:00 0.0 8.8 0.0 0.0 0.0 --- ---
10 27.2 32.7 13:00 20.2 4:10 0.0 8.8 0.0 0.0 0.0 --- ---
11 28.3 33.7 15:40 21.3 4:30 0.0 9.9 0.0 0.0 0.0 --- ---
12 29.2 35.3 14:40 21.5 5:00 0.0 10.8 0.0 0.0 0.0 --- ---
13 30.8 37.0 14:30 24.3 4:20 0.0 12.5 0.0 0.0 1.6 7:40 SW
14 32.4 39.5 14:50 25.1 5:00 0.0 14.1 0.0 0.0 0.0 --- ---
15 33.3 39.6 11:40 26.4 3:10 0.0 14.9 0.0 0.0 0.0 --- ---
16 32.1 35.5 11:10 29.2 4:40 0.0 13.8 0.0 0.0 0.0 --- ---
17 31.5 35.6 14:40 28.5 4:40 0.0 13.2 0.0 0.0 0.0 --- ---
18 31.9 36.3 15:30 27.4 5:20 0.0 13.6 0.0 0.0 0.0 --- ---
19 32.9 37.1 14:20 29.0 4:20 0.0 14.6 0.0 0.0 0.0 --- ---
20 32.9 39.4 12:30 27.5 23:20 0.0 14.6 0.0 0.0 0.0 --- ---
21 32.4 37.9 16:20 27.1 4:50 0.0 14.1 0.0 0.0 0.0 --- ---
22 32.3 38.5 15:10 26.6 4:10 0.0 14.0 0.0 0.0 3.2 4:40 S
23 34.7 42.3 14:30 27.8 5:10 0.0 16.3 0.0 0.0 0.0 --- ---
24 32.2 36.7 16:00 26.5 00:00 0.0 13.9 0.0 0.0 0.0 --- ---
25 30.4 36.3 15:00 25.2 3:40 0.0 12.1 0.0 0.0 0.0 --- ---
26 32.8 41.1 12:50 25.4 2:20 0.0 14.4 0.0 0.0 0.0 --- ---
27 31.3 36.2 14:10 26.7 23:30 0.0 12.9 0.0 0.0 0.0 --- ---
28 27.9 32.4 14:50 23.2 00:00 0.0 9.6 0.0 0.0 0.0 --- ---
29 27.9 33.9 14:30 22.3 5:10 0.0 9.6 0.0 0.0 0.0 --- ---
30 29.7 35.5 15:40 23.4 2:50 0.0 11.3 0.0 0.0 0.0 --- ---
31 29.6 34.7 11:10 23.3 4:40 0.0 11.2 0.0 0.0 0.0 --- ---
-------------------------------------------------------------------------------------
30.1 42.3 23 20.2 10 0.0 365.5 0.2 0.0 3.2 22 S
Max >= 32.0: 27
Max <= 0.0: 0
Min <= 0.0: 0
Min <= -18.0: 0
Max Rain: 0.20 ON 03/07/23
Days of Rain: 1 (> .2 mm) 0 (> 2 mm) 0 (> 20 mm)
Heat Base: 18.3 Cool Base: 18.3 Method: Integration