Καταγραφές τύπου NOAA
2024: Ιανουάριος|Φεβρουάριος|Μάρτιος|Απρίλιος|Μάϊος|Ιούνιος|Ιούλιος|Αύγουστος|Σεπτέμβριος|Οκτώβριος|Νοέμβριος|Δεκέμβριος
2023: Ιανουάριος|Φεβρουάριος|Μάρτιος|Απρίλιος|Μάϊος|Ιούνιος|Ιούλιος|Αύγουστος|Σεπτέμβριος|Οκτώβριος|Νοέμβριος|Δεκέμβριος
2022: Ιανουάριος|Φεβρουάριος|Μάρτιος|Απρίλιος|Μάϊος|Ιούνιος|Ιούλιος|Αύγουστος|Σεπτέμβριος|Οκτώβριος|Νοέμβριος|Δεκέμβριος
2021: Ιανουάριος|Φεβρουάριος|Μάρτιος|Απρίλιος|Μάϊος|Ιούνιος|Ιούλιος|Αύγουστος|Σεπτέμβριος|Οκτώβριος|Νοέμβριος|Δεκέμβριος
2020: Ιανουάριος|Φεβρουάριος|Μάρτιος|Απρίλιος|Μάϊος|Ιούνιος|Ιούλιος|Αύγουστος|Σεπτέμβριος|Οκτώβριος|Νοέμβριος|Δεκέμβριος
2019: Ιανουάριος|Φεβρουάριος|Μάρτιος|Απρίλιος|Μάϊος|Ιούνιος|Ιούλιος|Αύγουστος|Σεπτέμβριος|Οκτώβριος|Νοέμβριος|Δεκέμβριος
2018: Ιανουάριος|Φεβρουάριος|Μάρτιος|Απρίλιος|Μάϊος|Ιούνιος|Ιούλιος|Αύγουστος|Σεπτέμβριος|Οκτώβριος|Νοέμβριος|Δεκέμβριος
2017: Ιανουάριος|Φεβρουάριος|Μάρτιος|Απρίλιος|Μάϊος|Ιούνιος|Ιούλιος|Αύγουστος|Σεπτέμβριος|Οκτώβριος|Νοέμβριος|Δεκέμβριος
Καταγραφές τύπου NOAA για Νοέμβριος 2023
MONTHLY CLIMATOLOGICAL SUMMARY for NOV. 2023
NAME: pcomp-di CITY: STATE:
ELEV: 177 m LAT: 37° 58' 09" N LONG: 23° 46' 03" E
TEMPERATURE (°C), RAIN (mm), WIND SPEED (km/hr)
HEAT COOL AVG
MEAN DEG DEG WIND DOM
DAY TEMP HIGH TIME LOW TIME DAYS DAYS RAIN SPEED HIGH TIME DIR
------------------------------------------------------------------------------------
1 21.8 26.2 13:00 16.7 5:20 0.1 3.3 0.0 0.0 0.0 --- ---
2 21.1 24.4 13:20 17.8 5:40 0.0 2.6 1.2 0.0 0.0 --- ---
3 21.8 24.9 12:10 16.4 3:10 0.1 3.3 0.0 0.0 0.0 --- ---
4 22.4 26.1 10:50 18.4 00:00 0.0 3.8 0.0 0.0 0.0 --- ---
5 20.1 23.8 13:30 14.9 3:40 0.4 2.1 0.0 0.0 0.0 --- ---
6 20.9 25.8 12:00 16.4 3:40 0.3 2.7 0.0 0.0 0.0 --- ---
7 19.6 25.4 12:40 14.8 5:40 0.9 2.1 0.0 0.0 0.0 --- ---
8 19.9 23.7 11:40 14.8 2:30 0.5 1.9 0.0 0.0 0.0 --- ---
9 18.3 21.4 9:10 15.8 23:40 0.6 0.6 0.0 0.0 0.0 --- ---
10 15.9 20.3 12:00 12.3 3:30 2.4 0.2 4.6 0.0 0.0 --- ---
11 19.9 23.6 13:30 15.2 00:00 0.3 1.6 0.2 0.0 0.0 --- ---
12 18.8 22.1 11:40 14.2 2:40 0.7 1.1 0.0 0.0 0.0 --- ---
13 17.4 21.5 11:50 12.2 22:20 1.4 0.6 1.2 0.0 0.0 --- ---
14 17.9 21.8 12:30 11.8 0:30 1.1 0.7 0.0 0.0 0.0 --- ---
15 19.4 23.3 13:10 15.6 00:00 0.4 1.4 0.0 0.0 0.0 --- ---
16 17.8 21.4 11:00 15.1 2:30 1.1 0.6 0.0 0.0 0.0 --- ---
17 17.6 21.8 12:50 13.8 1:30 1.3 0.7 0.0 0.0 0.0 --- ---
18 14.6 19.5 3:00 10.2 00:00 3.5 0.1 0.0 0.0 0.0 --- ---
19 10.7 15.3 12:10 7.6 18:40 6.9 0.0 0.0 0.0 0.0 --- ---
20 13.6 19.1 12:30 7.6 3:00 4.3 0.0 0.0 0.0 0.0 --- ---
21 14.8 19.3 11:00 10.6 1:00 3.2 0.1 0.0 0.0 0.0 --- ---
22 18.0 20.5 12:40 11.5 0:20 0.7 0.4 1.0 0.0 0.0 --- ---
23 18.1 21.9 11:40 14.3 22:50 1.1 0.8 0.0 0.0 0.0 --- ---
24 16.9 20.8 13:10 13.2 5:40 1.6 0.3 0.0 0.0 0.0 --- ---
25 16.2 19.4 11:40 11.8 5:50 2.1 0.1 0.2 0.0 0.0 --- ---
26 9.1 12.2 0:10 3.2 23:10 8.4 0.0 0.0 0.0 0.0 --- ---
27 9.6 14.1 13:00 3.4 0:40 7.7 0.0 0.0 0.0 0.0 --- ---
28 17.0 19.0 15:20 10.8 0:30 1.3 0.1 0.0 0.0 0.0 --- ---
29 17.7 20.4 10:20 13.0 23:30 0.8 0.3 0.0 0.0 0.0 --- ---
30 15.5 19.6 12:10 11.4 5:40 2.7 0.1 0.0 0.0 0.0 --- ---
-------------------------------------------------------------------------------------
17.4 26.2 1 3.2 26 55.8 31.4 8.4 0.0 0.0 --- ---
Max >= 32.0: 0
Max <= 0.0: 0
Min <= 0.0: 0
Min <= -18.0: 0
Max Rain: 4.60 ON 10/11/23
Days of Rain: 6 (> .2 mm) 1 (> 2 mm) 0 (> 20 mm)
Heat Base: 18.3 Cool Base: 18.3 Method: Integration