Καταγραφές τύπου NOAA
2024: Ιανουάριος|Φεβρουάριος|Μάρτιος|Απρίλιος|Μάϊος|Ιούνιος|Ιούλιος|Αύγουστος|Σεπτέμβριος|Οκτώβριος|Νοέμβριος|Δεκέμβριος
2023: Ιανουάριος|Φεβρουάριος|Μάρτιος|Απρίλιος|Μάϊος|Ιούνιος|Ιούλιος|Αύγουστος|Σεπτέμβριος|Οκτώβριος|Νοέμβριος|Δεκέμβριος
2022: Ιανουάριος|Φεβρουάριος|Μάρτιος|Απρίλιος|Μάϊος|Ιούνιος|Ιούλιος|Αύγουστος|Σεπτέμβριος|Οκτώβριος|Νοέμβριος|Δεκέμβριος
2021: Ιανουάριος|Φεβρουάριος|Μάρτιος|Απρίλιος|Μάϊος|Ιούνιος|Ιούλιος|Αύγουστος|Σεπτέμβριος|Οκτώβριος|Νοέμβριος|Δεκέμβριος
2020: Ιανουάριος|Φεβρουάριος|Μάρτιος|Απρίλιος|Μάϊος|Ιούνιος|Ιούλιος|Αύγουστος|Σεπτέμβριος|Οκτώβριος|Νοέμβριος|Δεκέμβριος
2019: Ιανουάριος|Φεβρουάριος|Μάρτιος|Απρίλιος|Μάϊος|Ιούνιος|Ιούλιος|Αύγουστος|Σεπτέμβριος|Οκτώβριος|Νοέμβριος|Δεκέμβριος
2018: Ιανουάριος|Φεβρουάριος|Μάρτιος|Απρίλιος|Μάϊος|Ιούνιος|Ιούλιος|Αύγουστος|Σεπτέμβριος|Οκτώβριος|Νοέμβριος|Δεκέμβριος
2017: Ιανουάριος|Φεβρουάριος|Μάρτιος|Απρίλιος|Μάϊος|Ιούνιος|Ιούλιος|Αύγουστος|Σεπτέμβριος|Οκτώβριος|Νοέμβριος|Δεκέμβριος
Καταγραφές τύπου NOAA για Ιανουάριος 2024
MONTHLY CLIMATOLOGICAL SUMMARY for JAN. 2024
NAME: pcomp-di CITY: STATE:
ELEV: 177 m LAT: 37° 58' 09" N LONG: 23° 46' 03" E
TEMPERATURE (°C), RAIN (mm), WIND SPEED (km/hr)
HEAT COOL AVG
MEAN DEG DEG WIND DOM
DAY TEMP HIGH TIME LOW TIME DAYS DAYS RAIN SPEED HIGH TIME DIR
------------------------------------------------------------------------------------
1 13.9 17.3 12:50 11.1 23:50 3.9 0.0 0.0 0.0 0.0 --- ---
2 14.4 16.3 11:10 11.7 0:10 3.4 0.0 0.0 0.0 0.0 --- ---
3 15.0 17.3 10:40 12.8 2:00 2.9 0.0 0.0 0.0 0.0 --- ---
4 15.3 18.0 11:30 12.4 23:10 2.7 0.0 0.0 0.0 0.0 --- ---
5 14.1 18.9 11:40 9.6 5:40 3.9 0.1 0.0 0.0 0.0 --- ---
6 15.6 17.8 12:20 10.0 1:10 2.4 0.0 0.0 0.0 0.0 --- ---
7 14.6 16.0 12:50 11.9 00:00 3.2 0.0 0.0 0.0 0.0 --- ---
8 12.5 16.1 11:50 8.7 2:10 5.1 0.0 0.0 0.0 0.0 --- ---
9 8.6 13.4 8:30 5.1 22:00 8.5 0.0 0.0 0.0 0.0 --- ---
10 6.0 7.4 14:00 4.5 22:10 10.9 0.0 0.0 0.0 0.0 --- ---
11 6.8 10.4 12:20 3.5 5:00 10.2 0.0 0.0 0.0 0.0 --- ---
12 7.6 9.1 10:10 6.1 1:30 9.4 0.0 0.0 0.0 0.0 --- ---
13 5.6 8.7 13:20 2.9 00:00 10.8 0.0 0.0 0.0 0.0 --- ---
14 9.0 12.4 12:30 2.2 1:00 8.3 0.0 0.0 0.0 0.0 --- ---
15 12.1 14.2 18:00 5.7 2:00 5.6 0.0 0.0 0.0 0.0 --- ---
16 13.2 18.2 12:50 9.1 23:10 4.6 0.0 0.0 0.0 0.0 --- ---
17 12.9 17.7 11:10 8.8 0:20 4.9 0.0 0.0 0.0 0.0 --- ---
18 16.3 19.1 9:40 11.8 0:10 1.8 0.0 0.0 0.0 0.0 --- ---
19 16.1 19.6 11:10 12.0 00:00 2.1 0.1 0.0 0.0 0.0 --- ---
20 13.7 16.9 10:50 8.7 00:00 4.1 0.0 0.0 0.0 0.0 --- ---
21 7.9 9.8 10:40 6.3 21:20 9.3 0.0 0.0 0.0 0.0 --- ---
22 6.9 7.8 22:20 5.5 7:00 10.2 0.0 0.0 0.0 0.0 --- ---
23 7.5 13.1 13:10 2.6 5:10 9.6 0.0 0.0 0.0 0.0 --- ---
24 7.7 11.5 13:00 2.8 22:20 9.7 0.0 0.0 0.0 0.0 --- ---
25 10.8 15.7 13:10 3.2 1:30 6.8 0.0 0.0 0.0 0.0 --- ---
26 10.6 14.9 12:50 4.8 00:00 7.1 0.0 0.0 0.0 0.0 --- ---
27 10.4 15.1 12:40 4.8 0:10 7.2 0.0 0.0 0.0 0.0 --- ---
28 7.1 9.8 0:10 4.7 18:10 10.1 0.0 0.0 0.0 0.0 --- ---
29 4.8 8.2 13:00 2.8 23:00 12.3 0.0 0.4 0.0 0.0 --- ---
30 4.6 6.2 10:20 3.3 2:20 12.2 0.0 0.2 0.0 0.0 --- ---
31 6.4 8.5 13:10 4.6 5:40 10.5 0.0 0.0 0.0 0.0 --- ---
-------------------------------------------------------------------------------------
10.6 19.6 19 2.2 14 213.6 0.2 0.6 0.0 0.0 --- ---
Max >= 32.0: 0
Max <= 0.0: 0
Min <= 0.0: 0
Min <= -18.0: 0
Max Rain: 0.41 ON 29/01/24
Days of Rain: 2 (> .2 mm) 0 (> 2 mm) 0 (> 20 mm)
Heat Base: 18.3 Cool Base: 18.3 Method: Integration