Καταγραφές τύπου NOAA
2024: Ιανουάριος|Φεβρουάριος|Μάρτιος|Απρίλιος|Μάϊος|Ιούνιος|Ιούλιος|Αύγουστος|Σεπτέμβριος|Οκτώβριος|Νοέμβριος|Δεκέμβριος
2023: Ιανουάριος|Φεβρουάριος|Μάρτιος|Απρίλιος|Μάϊος|Ιούνιος|Ιούλιος|Αύγουστος|Σεπτέμβριος|Οκτώβριος|Νοέμβριος|Δεκέμβριος
2022: Ιανουάριος|Φεβρουάριος|Μάρτιος|Απρίλιος|Μάϊος|Ιούνιος|Ιούλιος|Αύγουστος|Σεπτέμβριος|Οκτώβριος|Νοέμβριος|Δεκέμβριος
2021: Ιανουάριος|Φεβρουάριος|Μάρτιος|Απρίλιος|Μάϊος|Ιούνιος|Ιούλιος|Αύγουστος|Σεπτέμβριος|Οκτώβριος|Νοέμβριος|Δεκέμβριος
2020: Ιανουάριος|Φεβρουάριος|Μάρτιος|Απρίλιος|Μάϊος|Ιούνιος|Ιούλιος|Αύγουστος|Σεπτέμβριος|Οκτώβριος|Νοέμβριος|Δεκέμβριος
2019: Ιανουάριος|Φεβρουάριος|Μάρτιος|Απρίλιος|Μάϊος|Ιούνιος|Ιούλιος|Αύγουστος|Σεπτέμβριος|Οκτώβριος|Νοέμβριος|Δεκέμβριος
2018: Ιανουάριος|Φεβρουάριος|Μάρτιος|Απρίλιος|Μάϊος|Ιούνιος|Ιούλιος|Αύγουστος|Σεπτέμβριος|Οκτώβριος|Νοέμβριος|Δεκέμβριος
2017: Ιανουάριος|Φεβρουάριος|Μάρτιος|Απρίλιος|Μάϊος|Ιούνιος|Ιούλιος|Αύγουστος|Σεπτέμβριος|Οκτώβριος|Νοέμβριος|Δεκέμβριος
Καταγραφές τύπου NOAA για Μάρτιος 2024
MONTHLY CLIMATOLOGICAL SUMMARY for MAR. 2024
NAME: pcomp-di CITY: STATE:
ELEV: 177 m LAT: 37° 58' 09" N LONG: 23° 46' 03" E
TEMPERATURE (°C), RAIN (mm), WIND SPEED (km/hr)
HEAT COOL AVG
MEAN DEG DEG WIND DOM
DAY TEMP HIGH TIME LOW TIME DAYS DAYS RAIN SPEED HIGH TIME DIR
------------------------------------------------------------------------------------
1 12.2 16.0 8:50 8.2 00:00 5.7 0.0 0.0 0.0 1.6 11:40 W
2 12.9 17.3 12:50 7.5 2:50 5.1 0.0 0.0 0.0 0.0 --- ---
3 13.4 19.1 11:30 8.8 3:00 4.6 0.0 0.0 0.0 0.0 --- ---
4 14.2 19.0 10:10 8.2 2:30 3.8 0.0 0.0 0.0 0.0 --- ---
5 12.8 16.1 11:20 10.2 1:50 5.1 0.0 0.0 0.0 0.0 --- ---
6 12.6 17.6 11:40 8.6 2:50 5.4 0.0 0.0 0.0 0.0 --- ---
7 13.9 17.9 11:40 9.9 0:30 4.1 0.0 0.0 0.0 0.0 --- ---
8 11.2 16.0 10:10 7.0 3:20 6.6 0.0 0.0 0.0 0.0 --- ---
9 12.4 16.2 13:00 7.6 3:20 5.3 0.0 0.0 0.0 0.0 --- ---
10 12.8 17.2 11:40 8.7 2:50 5.0 0.0 0.0 0.0 0.0 --- ---
11 15.9 17.7 11:50 9.3 0:10 2.2 0.0 0.0 0.0 0.0 --- ---
12 15.4 19.3 10:10 11.4 18:50 2.7 0.1 0.0 0.0 0.0 --- ---
13 13.4 17.9 11:10 8.5 00:00 4.6 0.0 0.0 0.0 0.0 --- ---
14 13.4 18.2 12:00 7.6 3:10 4.6 0.0 0.0 0.0 0.0 --- ---
15 13.5 18.1 10:10 8.3 2:50 4.6 0.0 0.0 0.0 0.0 --- ---
16 12.5 17.1 13:20 9.0 3:50 5.8 0.0 5.4 0.0 0.0 --- ---
17 12.1 17.0 9:50 8.2 21:30 5.7 0.0 0.0 0.0 0.0 --- ---
18 14.0 20.1 12:10 7.4 1:50 4.1 0.1 0.0 0.0 1.6 5:30 NE
19 13.1 18.8 10:20 9.6 3:00 5.2 0.0 2.6 0.0 1.6 11:20 S
20 9.9 13.7 9:30 4.6 23:20 7.7 0.0 1.0 0.0 1.6 7:20 NW
21 11.6 16.7 12:20 4.2 3:20 6.7 0.0 0.2 0.0 0.0 --- ---
22 11.2 17.5 7:30 6.1 21:50 7.1 0.0 0.0 0.0 0.0 --- ---
23 11.2 17.9 10:30 5.2 2:10 7.1 0.0 0.0 0.0 0.0 --- ---
24 14.4 18.5 13:50 7.4 0:40 3.9 0.0 0.0 0.0 0.0 --- ---
25 16.9 21.6 13:40 13.2 21:40 2.1 0.7 0.0 0.0 0.0 --- ---
26 15.3 17.8 14:00 10.7 3:20 3.1 0.0 0.0 0.0 0.0 --- ---
27 19.6 25.4 11:40 11.7 3:20 0.9 2.1 0.0 0.0 0.0 --- ---
28 18.1 23.6 14:20 13.1 23:50 1.5 1.2 0.0 0.0 0.0 --- ---
29 17.3 25.1 12:10 11.1 3:00 2.7 1.7 0.0 0.0 0.0 --- ---
30 17.1 23.7 11:00 10.9 3:00 2.8 1.6 0.0 0.0 0.0 --- ---
31 17.5 23.8 12:10 10.3 3:10 2.3 1.6 0.0 0.0 0.0 --- ---
-------------------------------------------------------------------------------------
13.9 25.4 27 4.2 21 138.3 9.0 9.2 0.0 1.6 1 NW
Max >= 32.0: 0
Max <= 0.0: 0
Min <= 0.0: 0
Min <= -18.0: 0
Max Rain: 5.41 ON 16/03/24
Days of Rain: 4 (> .2 mm) 2 (> 2 mm) 0 (> 20 mm)
Heat Base: 18.3 Cool Base: 18.3 Method: Integration